Last updated on 2020-12-04 00:48:30 CET.
Flavor | Version | Tinstall | Tcheck | Ttotal | Status | Flags |
---|---|---|---|---|---|---|
r-devel-linux-x86_64-debian-clang | 1.3.0 | 16.18 | 138.22 | 154.40 | OK | |
r-devel-linux-x86_64-debian-gcc | 1.3.0 | 12.71 | 104.11 | 116.82 | OK | |
r-devel-linux-x86_64-fedora-clang | 1.3.0 | 185.96 | NOTE | |||
r-devel-linux-x86_64-fedora-gcc | 1.3.0 | 175.83 | NOTE | |||
r-devel-windows-ix86+x86_64 | 1.3.0 | 31.00 | 124.00 | 155.00 | OK | |
r-patched-linux-x86_64 | 1.3.0 | 10.89 | 129.17 | 140.06 | OK | |
r-patched-solaris-x86 | 1.3.0 | 259.50 | NOTE | |||
r-release-linux-x86_64 | 1.3.0 | 9.91 | 129.91 | 139.82 | OK | |
r-release-macos-x86_64 | 1.3.0 | NOTE | ||||
r-release-windows-ix86+x86_64 | 1.3.0 | 24.00 | 120.00 | 144.00 | OK | |
r-oldrel-macos-x86_64 | 1.3.0 | NOTE | ||||
r-oldrel-windows-ix86+x86_64 | 1.3.0 | 28.00 | 154.00 | 182.00 | OK |
Version: 1.3.0
Check: dependencies in R code
Result: NOTE
Namespaces in Imports field not imported from:
‘knitr’ ‘msm’
All declared Imports should be used.
Flavors: r-devel-linux-x86_64-fedora-clang, r-devel-linux-x86_64-fedora-gcc, r-patched-solaris-x86, r-release-macos-x86_64, r-oldrel-macos-x86_64