CRAN Package Check Results for Package qsort

Last updated on 2020-12-04 00:48:30 CET.

Flavor Version Tinstall Tcheck Ttotal Status Flags
r-devel-linux-x86_64-debian-clang 0.2.3 4.85 48.14 52.99 OK
r-devel-linux-x86_64-debian-gcc 0.2.3 3.71 39.01 42.72 OK
r-devel-linux-x86_64-fedora-clang 0.2.3 65.62 NOTE
r-devel-linux-x86_64-fedora-gcc 0.2.3 56.28 NOTE
r-devel-windows-ix86+x86_64 0.2.3 10.00 52.00 62.00 OK
r-patched-linux-x86_64 0.2.3 4.99 43.39 48.38 OK
r-patched-solaris-x86 0.2.3 81.00 NOTE
r-release-linux-x86_64 0.2.3 4.45 43.37 47.82 OK
r-release-macos-x86_64 0.2.3 NOTE
r-release-windows-ix86+x86_64 0.2.3 9.00 48.00 57.00 OK
r-oldrel-macos-x86_64 0.2.3 NOTE
r-oldrel-windows-ix86+x86_64 0.2.3 14.00 60.00 74.00 OK

Check Details

Version: 0.2.3
Check: data for non-ASCII characters
Result: NOTE
     Note: found 6 marked UTF-8 strings
Flavors: r-devel-linux-x86_64-fedora-clang, r-devel-linux-x86_64-fedora-gcc, r-patched-solaris-x86, r-release-macos-x86_64, r-oldrel-macos-x86_64