Last updated on 2020-12-04 00:48:30 CET.
Flavor | Version | Tinstall | Tcheck | Ttotal | Status | Flags |
---|---|---|---|---|---|---|
r-devel-linux-x86_64-debian-clang | 0.0.4 | 7.03 | 62.40 | 69.43 | OK | |
r-devel-linux-x86_64-debian-gcc | 0.0.4 | 6.45 | 46.94 | 53.39 | OK | |
r-devel-linux-x86_64-fedora-clang | 0.0.4 | 85.97 | NOTE | |||
r-devel-linux-x86_64-fedora-gcc | 0.0.4 | 79.11 | NOTE | |||
r-devel-windows-ix86+x86_64 | 0.0.4 | 14.00 | 61.00 | 75.00 | OK | |
r-patched-linux-x86_64 | 0.0.4 | 6.65 | 60.14 | 66.79 | OK | |
r-patched-solaris-x86 | 0.0.4 | 113.50 | NOTE | |||
r-release-linux-x86_64 | 0.0.4 | 6.71 | 59.73 | 66.44 | OK | |
r-release-macos-x86_64 | 0.0.4 | NOTE | ||||
r-release-windows-ix86+x86_64 | 0.0.4 | 11.00 | 63.00 | 74.00 | OK | |
r-oldrel-macos-x86_64 | 0.0.4 | NOTE | ||||
r-oldrel-windows-ix86+x86_64 | 0.0.4 | 10.00 | 80.00 | 90.00 | OK |
Version: 0.0.4
Check: dependencies in R code
Result: NOTE
Namespace in Imports field not imported from: ‘knitr’
All declared Imports should be used.
Flavors: r-devel-linux-x86_64-fedora-clang, r-devel-linux-x86_64-fedora-gcc, r-patched-solaris-x86, r-release-macos-x86_64, r-oldrel-macos-x86_64