Last updated on 2020-12-04 00:48:30 CET.
Flavor | Version | Tinstall | Tcheck | Ttotal | Status | Flags |
---|---|---|---|---|---|---|
r-devel-linux-x86_64-debian-clang | 0.1.0 | 37.43 | 27.88 | 65.31 | OK | |
r-devel-linux-x86_64-debian-gcc | 0.1.0 | 26.02 | 25.60 | 51.62 | OK | |
r-devel-linux-x86_64-fedora-clang | 0.1.0 | 94.63 | NOTE | |||
r-devel-linux-x86_64-fedora-gcc | 0.1.0 | 78.59 | OK | |||
r-devel-windows-ix86+x86_64 | 0.1.0 | 81.00 | 56.00 | 137.00 | OK | |
r-patched-linux-x86_64 | 0.1.0 | 31.83 | 29.00 | 60.83 | OK | |
r-patched-solaris-x86 | 0.1.0 | 79.80 | OK | |||
r-release-linux-x86_64 | 0.1.0 | 30.08 | 30.45 | 60.53 | OK | |
r-release-macos-x86_64 | 0.1.0 | NOTE | ||||
r-release-windows-ix86+x86_64 | 0.1.0 | 58.00 | 80.00 | 138.00 | OK | |
r-oldrel-macos-x86_64 | 0.1.0 | NOTE | ||||
r-oldrel-windows-ix86+x86_64 | 0.1.0 | 58.00 | 64.00 | 122.00 | OK |
Version: 0.1.0
Check: installed package size
Result: NOTE
installed size is 7.2Mb
sub-directories of 1Mb or more:
libs 7.0Mb
Flavors: r-devel-linux-x86_64-fedora-clang, r-release-macos-x86_64, r-oldrel-macos-x86_64