Last updated on 2020-12-04 00:48:30 CET.
Flavor | Version | Tinstall | Tcheck | Ttotal | Status | Flags |
---|---|---|---|---|---|---|
r-devel-linux-x86_64-debian-clang | 1.4-1 | 18.36 | 153.97 | 172.33 | OK | |
r-devel-linux-x86_64-debian-gcc | 1.4-1 | 16.22 | 117.60 | 133.82 | OK | |
r-devel-linux-x86_64-fedora-clang | 1.4-1 | 207.36 | NOTE | |||
r-devel-linux-x86_64-fedora-gcc | 1.4-1 | 204.05 | OK | |||
r-devel-windows-ix86+x86_64 | 1.4-1 | 41.00 | 211.00 | 252.00 | OK | |
r-patched-linux-x86_64 | 1.4-1 | 16.91 | 144.13 | 161.04 | OK | |
r-patched-solaris-x86 | 1.4-1 | 272.30 | NOTE | |||
r-release-linux-x86_64 | 1.4-1 | 17.43 | 143.15 | 160.58 | OK | |
r-release-macos-x86_64 | 1.4-1 | OK | ||||
r-release-windows-ix86+x86_64 | 1.4-1 | 31.00 | 274.00 | 305.00 | OK | |
r-oldrel-macos-x86_64 | 1.4-1 | WARN | ||||
r-oldrel-windows-ix86+x86_64 | 1.4-1 | 30.00 | 253.00 | 283.00 | OK |
Version: 1.4-1
Check: installed package size
Result: NOTE
installed size is 5.0Mb
sub-directories of 1Mb or more:
data 3.7Mb
Flavors: r-devel-linux-x86_64-fedora-clang, r-patched-solaris-x86, r-oldrel-macos-x86_64
Version: 1.4-1
Check: whether package can be installed
Result: WARN
Found the following significant warnings:
Warning: 'rgl_init' failed, running with rgl.useNULL = TRUE
Flavor: r-oldrel-macos-x86_64