Last updated on 2020-12-04 00:48:30 CET.
Flavor | Version | Tinstall | Tcheck | Ttotal | Status | Flags |
---|---|---|---|---|---|---|
r-devel-linux-x86_64-debian-clang | 0.0.1 | 4.60 | 29.54 | 34.14 | OK | |
r-devel-linux-x86_64-debian-gcc | 0.0.1 | 4.13 | 25.19 | 29.32 | OK | |
r-devel-linux-x86_64-fedora-clang | 0.0.1 | 47.20 | NOTE | |||
r-devel-linux-x86_64-fedora-gcc | 0.0.1 | 37.22 | NOTE | |||
r-devel-windows-ix86+x86_64 | 0.0.1 | 8.00 | 35.00 | 43.00 | OK | |
r-patched-linux-x86_64 | 0.0.1 | 3.92 | 30.23 | 34.15 | OK | |
r-patched-solaris-x86 | 0.0.1 | 56.80 | NOTE | |||
r-release-linux-x86_64 | 0.0.1 | 4.57 | 30.81 | 35.38 | OK | |
r-release-macos-x86_64 | 0.0.1 | NOTE | ||||
r-release-windows-ix86+x86_64 | 0.0.1 | 9.00 | 34.00 | 43.00 | OK | |
r-oldrel-macos-x86_64 | 0.0.1 | NOTE | ||||
r-oldrel-windows-ix86+x86_64 | 0.0.1 | 18.00 | 42.00 | 60.00 | OK |
Version: 0.0.1
Check: dependencies in R code
Result: NOTE
Namespaces in Imports field not imported from:
‘kableExtra’ ‘readr’ ‘tidyverse’
All declared Imports should be used.
Flavors: r-devel-linux-x86_64-fedora-clang, r-devel-linux-x86_64-fedora-gcc, r-patched-solaris-x86, r-release-macos-x86_64, r-oldrel-macos-x86_64