Last updated on 2020-12-04 00:48:30 CET.
Flavor | Version | Tinstall | Tcheck | Ttotal | Status | Flags |
---|---|---|---|---|---|---|
r-devel-linux-x86_64-debian-clang | 0.3.7 | 9.66 | 551.76 | 561.42 | OK | |
r-devel-linux-x86_64-debian-gcc | 0.3.7 | 7.25 | 451.29 | 458.54 | OK | |
r-devel-linux-x86_64-fedora-clang | 0.3.7 | 612.20 | OK | |||
r-devel-linux-x86_64-fedora-gcc | 0.3.7 | 603.82 | OK | |||
r-devel-windows-ix86+x86_64 | 0.3.7 | 18.00 | 528.00 | 546.00 | OK | |
r-patched-linux-x86_64 | 0.3.7 | 8.69 | 504.31 | 513.00 | OK | |
r-patched-solaris-x86 | 0.3.7 | 467.60 | ERROR | |||
r-release-linux-x86_64 | 0.3.7 | 9.63 | 498.94 | 508.57 | OK | |
r-release-macos-x86_64 | 0.3.7 | OK | ||||
r-release-windows-ix86+x86_64 | 0.3.7 | 12.00 | 502.00 | 514.00 | OK | |
r-oldrel-macos-x86_64 | 0.3.7 | OK | ||||
r-oldrel-windows-ix86+x86_64 | 0.3.7 | 12.00 | 591.00 | 603.00 | OK |
Version: 0.3.7
Check: tests
Result: ERROR
Running ‘testthat.R’ [0m/180m]
Running the tests in ‘tests/testthat.R’ failed.
Complete output:
> suppressPackageStartupMessages(library(testthat))
> suppressPackageStartupMessages(library(pulsar))
>
> testthat::test_check("pulsar")
*** caught segfault ***
address 6872b039, cause 'memory not mapped'
Flavor: r-patched-solaris-x86