Last updated on 2020-12-04 00:48:30 CET.
Flavor | Version | Tinstall | Tcheck | Ttotal | Status | Flags |
---|---|---|---|---|---|---|
r-devel-linux-x86_64-debian-clang | 1.0.1 | 4.60 | 332.64 | 337.24 | OK | |
r-devel-linux-x86_64-debian-gcc | 1.0.1 | 4.10 | 247.41 | 251.51 | OK | |
r-devel-linux-x86_64-fedora-clang | 1.0.1 | 391.01 | OK | |||
r-devel-linux-x86_64-fedora-gcc | 1.0.1 | 397.78 | OK | |||
r-devel-windows-ix86+x86_64 | 1.0.1 | 9.00 | 305.00 | 314.00 | OK | |
r-patched-linux-x86_64 | 1.0.1 | 4.83 | 350.13 | 354.96 | OK | |
r-patched-solaris-x86 | 1.0.1 | 424.60 | OK | |||
r-release-linux-x86_64 | 1.0.1 | 4.37 | 349.16 | 353.53 | OK | |
r-release-macos-x86_64 | 1.0.1 | ERROR | ||||
r-release-windows-ix86+x86_64 | 1.0.1 | 7.00 | 436.00 | 443.00 | OK | |
r-oldrel-macos-x86_64 | 1.0.1 | ERROR | ||||
r-oldrel-windows-ix86+x86_64 | 1.0.1 | 5.00 | 414.00 | 419.00 | OK |
Version: 1.0.1
Check: package dependencies
Result: ERROR
Package required but not available: ‘tweeDEseq’
See section ‘The DESCRIPTION file’ in the ‘Writing R Extensions’
manual.
Flavors: r-release-macos-x86_64, r-oldrel-macos-x86_64