CRAN Package Check Results for Package ptinpoly

Last updated on 2020-12-04 00:48:30 CET.

Flavor Version Tinstall Tcheck Ttotal Status Flags
r-devel-linux-x86_64-debian-clang 2.8 7.51 26.69 34.20 OK
r-devel-linux-x86_64-debian-gcc 2.8 5.75 22.63 28.38 OK
r-devel-linux-x86_64-fedora-clang 2.8 53.43 NOTE
r-devel-linux-x86_64-fedora-gcc 2.8 40.06 NOTE
r-devel-windows-ix86+x86_64 2.8 21.00 48.00 69.00 OK
r-patched-linux-x86_64 2.8 6.42 26.23 32.65 OK
r-patched-solaris-x86 2.8 64.70 OK
r-release-linux-x86_64 2.8 6.22 27.42 33.64 OK
r-release-macos-x86_64 2.8 OK
r-release-windows-ix86+x86_64 2.8 19.00 65.00 84.00 OK
r-oldrel-macos-x86_64 2.8 OK
r-oldrel-windows-ix86+x86_64 2.8 17.00 58.00 75.00 OK

Check Details

Version: 2.8
Check: compiled code
Result: NOTE
    File ‘ptinpoly/libs/ptinpoly.so’:
     Found no calls to: ‘R_registerRoutines’, ‘R_useDynamicSymbols’
    
    It is good practice to register native routines and to disable symbol
    search.
    
    See ‘Writing portable packages’ in the ‘Writing R Extensions’ manual.
Flavors: r-devel-linux-x86_64-fedora-clang, r-devel-linux-x86_64-fedora-gcc