Last updated on 2020-12-04 00:48:30 CET.
Flavor | Version | Tinstall | Tcheck | Ttotal | Status | Flags |
---|---|---|---|---|---|---|
r-devel-linux-x86_64-debian-clang | 0.1.4 | 45.69 | 89.09 | 134.78 | OK | |
r-devel-linux-x86_64-debian-gcc | 0.1.4 | 35.93 | 60.64 | 96.57 | OK | |
r-devel-linux-x86_64-fedora-clang | 0.1.4 | 177.95 | NOTE | |||
r-devel-linux-x86_64-fedora-gcc | 0.1.4 | 155.36 | OK | |||
r-devel-windows-ix86+x86_64 | 0.1.4 | 105.00 | 133.00 | 238.00 | OK | |
r-patched-linux-x86_64 | 0.1.4 | 43.07 | 72.72 | 115.79 | OK | |
r-patched-solaris-x86 | 0.1.4 | 104.10 | OK | |||
r-release-linux-x86_64 | 0.1.4 | 38.86 | 71.96 | 110.82 | OK | |
r-release-macos-x86_64 | 0.1.4 | NOTE | ||||
r-release-windows-ix86+x86_64 | 0.1.4 | 79.00 | 136.00 | 215.00 | OK | |
r-oldrel-macos-x86_64 | 0.1.4 | NOTE | ||||
r-oldrel-windows-ix86+x86_64 | 0.1.4 | 73.00 | 128.00 | 201.00 | OK |
Version: 0.1.4
Check: installed package size
Result: NOTE
installed size is 7.1Mb
sub-directories of 1Mb or more:
libs 6.6Mb
Flavors: r-devel-linux-x86_64-fedora-clang, r-release-macos-x86_64, r-oldrel-macos-x86_64