Last updated on 2020-12-04 00:48:30 CET.
Flavor | Version | Tinstall | Tcheck | Ttotal | Status | Flags |
---|---|---|---|---|---|---|
r-devel-linux-x86_64-debian-clang | 1.0 | 3.01 | 27.51 | 30.52 | NOTE | |
r-devel-linux-x86_64-debian-gcc | 1.0 | 2.17 | 21.40 | 23.57 | NOTE | |
r-devel-linux-x86_64-fedora-clang | 1.0 | 42.62 | NOTE | |||
r-devel-linux-x86_64-fedora-gcc | 1.0 | 32.32 | NOTE | |||
r-devel-windows-ix86+x86_64 | 1.0 | 5.00 | 31.00 | 36.00 | NOTE | |
r-patched-linux-x86_64 | 1.0 | 2.75 | 28.20 | 30.95 | NOTE | |
r-patched-solaris-x86 | 1.0 | 49.10 | NOTE | |||
r-release-linux-x86_64 | 1.0 | 3.03 | 27.66 | 30.69 | NOTE | |
r-release-macos-x86_64 | 1.0 | NOTE | ||||
r-release-windows-ix86+x86_64 | 1.0 | 5.00 | 33.00 | 38.00 | NOTE | |
r-oldrel-macos-x86_64 | 1.0 | NOTE | ||||
r-oldrel-windows-ix86+x86_64 | 1.0 | 3.00 | 38.00 | 41.00 | NOTE |
Version: 1.0
Check: package dependencies
Result: NOTE
Package suggested but not available for checking: 'rdt'
Flavors: r-devel-linux-x86_64-debian-clang, r-devel-linux-x86_64-debian-gcc, r-devel-linux-x86_64-fedora-clang, r-devel-linux-x86_64-fedora-gcc, r-devel-windows-ix86+x86_64, r-patched-linux-x86_64, r-patched-solaris-x86, r-release-linux-x86_64, r-release-macos-x86_64, r-release-windows-ix86+x86_64, r-oldrel-macos-x86_64, r-oldrel-windows-ix86+x86_64