CRAN Package Check Results for Package prospectr

Last updated on 2020-12-04 00:48:30 CET.

Flavor Version Tinstall Tcheck Ttotal Status Flags
r-devel-linux-x86_64-debian-clang 0.2.1 45.93 104.58 150.51 OK
r-devel-linux-x86_64-debian-gcc 0.2.1 29.86 84.29 114.15 OK
r-devel-linux-x86_64-fedora-clang 0.2.1 197.51 OK
r-devel-linux-x86_64-fedora-gcc 0.2.1 182.51 OK
r-devel-windows-ix86+x86_64 0.2.1 103.00 168.00 271.00 OK
r-patched-linux-x86_64 0.2.1 36.80 102.76 139.56 OK
r-patched-solaris-x86 0.2.1 290.90 OK
r-release-linux-x86_64 0.2.1 38.45 102.97 141.42 OK
r-release-macos-x86_64 0.2.1 NOTE
r-release-windows-ix86+x86_64 0.2.1 83.00 160.00 243.00 OK
r-oldrel-macos-x86_64 0.2.1 NOTE
r-oldrel-windows-ix86+x86_64 0.2.1 75.00 192.00 267.00 OK

Check Details

Version: 0.2.1
Check: installed package size
Result: NOTE
     installed size is 5.6Mb
     sub-directories of 1Mb or more:
     data 1.9Mb
     libs 3.0Mb
Flavors: r-release-macos-x86_64, r-oldrel-macos-x86_64