CRAN Package Check Results for Package promises

Last updated on 2020-12-04 00:48:30 CET.

Flavor Version Tinstall Tcheck Ttotal Status Flags
r-devel-linux-x86_64-debian-clang 1.1.1 23.28 44.28 67.56 OK
r-devel-linux-x86_64-debian-gcc 1.1.1 13.36 37.02 50.38 OK
r-devel-linux-x86_64-fedora-clang 1.1.1 93.68 NOTE
r-devel-linux-x86_64-fedora-gcc 1.1.1 77.01 OK
r-devel-windows-ix86+x86_64 1.1.1 49.00 120.00 169.00 OK
r-patched-linux-x86_64 1.1.1 16.58 43.61 60.19 OK
r-patched-solaris-x86 1.1.1 95.10 OK
r-release-linux-x86_64 1.1.1 16.36 44.70 61.06 OK
r-release-macos-x86_64 1.1.1 OK
r-release-windows-ix86+x86_64 1.1.1 36.00 118.00 154.00 OK
r-oldrel-macos-x86_64 1.1.1 OK
r-oldrel-windows-ix86+x86_64 1.1.1 36.00 128.00 164.00 OK

Check Details

Version: 1.1.1
Check: Rd cross-references
Result: NOTE
    Undeclared package ‘purrr’ in Rd xrefs
Flavor: r-devel-linux-x86_64-fedora-clang