CRAN Package Check Results for Package prismadiagramR

Last updated on 2020-12-04 00:48:30 CET.

Flavor Version Tinstall Tcheck Ttotal Status Flags
r-devel-linux-x86_64-debian-clang 1.0.0 5.58 47.84 53.42 OK
r-devel-linux-x86_64-debian-gcc 1.0.0 3.97 35.18 39.15 OK
r-devel-linux-x86_64-fedora-clang 1.0.0 69.61 OK
r-devel-linux-x86_64-fedora-gcc 1.0.0 57.93 OK
r-devel-windows-ix86+x86_64 1.0.0 10.00 47.00 57.00 OK
r-patched-linux-x86_64 1.0.0 5.21 44.51 49.72 OK
r-patched-solaris-x86 1.0.0 82.00 WARN
r-release-linux-x86_64 1.0.0 5.19 44.01 49.20 OK
r-release-macos-x86_64 1.0.0 WARN
r-release-windows-ix86+x86_64 1.0.0 8.00 48.00 56.00 OK
r-oldrel-macos-x86_64 1.0.0 WARN
r-oldrel-windows-ix86+x86_64 1.0.0 18.00 60.00 78.00 OK

Check Details

Version: 1.0.0
Check: re-building of vignette outputs
Result: WARN
    Error(s) in re-building vignettes:
     ...
    --- re-building ‘PRISMA.Rmd’ using rmarkdown
    Warning in engine$weave(file, quiet = quiet, encoding = enc) :
     Pandoc (>= 1.12.3) and/or pandoc-citeproc not available. Falling back to R Markdown v1.
    Warning in getPrisma(studyStatus) :
     prismaFormat is null so attempting to make automatic one from studyStatus
    Warning in getFormatNode(prismaFormat) :
     fontSize param not passed in prismaFormat
    Quitting from lines 43-52 (PRISMA.Rmd)
    Error: processing vignette 'PRISMA.Rmd' failed with diagnostics:
    there is no package called 'webshot'
    --- failed re-building ‘PRISMA.Rmd’
    
    SUMMARY: processing the following file failed:
     ‘PRISMA.Rmd’
    
    Error: Vignette re-building failed.
    Execution halted
Flavor: r-patched-solaris-x86

Version: 1.0.0
Check: re-building of vignette outputs
Result: WARN
    Error(s) in re-building vignettes:
     ...
    --- re-building ‘PRISMA.Rmd’ using rmarkdown
    Warning in engine$weave(file, quiet = quiet, encoding = enc) :
     Pandoc (>= 1.12.3) and/or pandoc-citeproc not available. Falling back to R Markdown v1.
    Warning in getPrisma(studyStatus) :
     prismaFormat is null so attempting to make automatic one from studyStatus
    Warning in getFormatNode(prismaFormat) :
     fontSize param not passed in prismaFormat
    Warning in normalizePath(f2) :
     path[1]="webshot26ff63ed64f9.png": No such file or directory
    Warning in file(con, "rb") :
     cannot open file 'webshot26ff63ed64f9.png': No such file or directory
    Quitting from lines 43-52 (PRISMA.Rmd)
    Error: processing vignette 'PRISMA.Rmd' failed with diagnostics:
    cannot open the connection
    --- failed re-building ‘PRISMA.Rmd’
    
    SUMMARY: processing the following file failed:
     ‘PRISMA.Rmd’
    
    Error: Vignette re-building failed.
    Execution halted
Flavor: r-release-macos-x86_64

Version: 1.0.0
Check: re-building of vignette outputs
Result: WARN
    Error(s) in re-building vignettes:
     ...
    --- re-building ‘PRISMA.Rmd’ using rmarkdown
    Warning in engine$weave(file, quiet = quiet, encoding = enc) :
     Pandoc (>= 1.12.3) and/or pandoc-citeproc not available. Falling back to R Markdown v1.
    Warning in getPrisma(studyStatus) :
     prismaFormat is null so attempting to make automatic one from studyStatus
    Warning: Factor `Filter` contains implicit NA, consider using `forcats::fct_explicit_na`
    Warning in getFormatNode(prismaFormat) :
     fontSize param not passed in prismaFormat
    Warning in normalizePath(f2) :
     path[1]="webshot162f53ad3da94.png": No such file or directory
    Warning in file(con, "rb") :
     cannot open file 'webshot162f53ad3da94.png': No such file or directory
    Quitting from lines 43-52 (PRISMA.Rmd)
    Error: processing vignette 'PRISMA.Rmd' failed with diagnostics:
    cannot open the connection
    --- failed re-building ‘PRISMA.Rmd’
    
    SUMMARY: processing the following file failed:
     ‘PRISMA.Rmd’
    
    Error: Vignette re-building failed.
    Execution halted
Flavor: r-oldrel-macos-x86_64