Last updated on 2020-12-04 00:48:30 CET.
Flavor | Version | Tinstall | Tcheck | Ttotal | Status | Flags |
---|---|---|---|---|---|---|
r-devel-linux-x86_64-debian-clang | 0.1.0 | 5.73 | 74.82 | 80.55 | OK | |
r-devel-linux-x86_64-debian-gcc | 0.1.0 | 5.45 | 58.47 | 63.92 | OK | |
r-devel-linux-x86_64-fedora-clang | 0.1.0 | 98.32 | NOTE | |||
r-devel-linux-x86_64-fedora-gcc | 0.1.0 | 89.70 | NOTE | |||
r-devel-windows-ix86+x86_64 | 0.1.0 | 12.00 | 67.00 | 79.00 | OK | |
r-patched-linux-x86_64 | 0.1.0 | 6.21 | 72.01 | 78.22 | OK | |
r-patched-solaris-x86 | 0.1.0 | 123.00 | NOTE | |||
r-release-linux-x86_64 | 0.1.0 | 5.56 | 73.68 | 79.24 | OK | |
r-release-macos-x86_64 | 0.1.0 | NOTE | ||||
r-release-windows-ix86+x86_64 | 0.1.0 | 11.00 | 76.00 | 87.00 | OK | |
r-oldrel-macos-x86_64 | 0.1.0 | NOTE | ||||
r-oldrel-windows-ix86+x86_64 | 0.1.0 | 9.00 | 90.00 | 99.00 | OK |
Version: 0.1.0
Check: dependencies in R code
Result: NOTE
Namespaces in Imports field not imported from:
‘shinycssloaders’ ‘shinythemes’
All declared Imports should be used.
Flavors: r-devel-linux-x86_64-fedora-clang, r-devel-linux-x86_64-fedora-gcc, r-patched-solaris-x86, r-release-macos-x86_64, r-oldrel-macos-x86_64