CRAN Package Check Results for Package pre

Last updated on 2020-12-04 00:48:30 CET.

Flavor Version Tinstall Tcheck Ttotal Status Flags
r-devel-linux-x86_64-debian-clang 1.0.0 13.10 130.96 144.06 OK
r-devel-linux-x86_64-debian-gcc 1.0.0 10.91 101.70 112.61 OK
r-devel-linux-x86_64-fedora-clang 1.0.0 179.77 NOTE
r-devel-linux-x86_64-fedora-gcc 1.0.0 168.40 OK
r-devel-windows-ix86+x86_64 1.0.0 25.00 128.00 153.00 OK
r-patched-linux-x86_64 1.0.0 13.66 123.94 137.60 OK
r-patched-solaris-x86 1.0.0 238.10 OK
r-release-linux-x86_64 1.0.0 13.30 128.09 141.39 OK
r-release-macos-x86_64 1.0.0 OK
r-release-windows-ix86+x86_64 1.0.0 17.00 137.00 154.00 OK
r-oldrel-macos-x86_64 1.0.0 OK
r-oldrel-windows-ix86+x86_64 1.0.0 20.00 157.00 177.00 OK

Check Details

Version: 1.0.0
Check: Rd cross-references
Result: NOTE
    Undeclared package ‘colorspace’ in Rd xrefs
Flavor: r-devel-linux-x86_64-fedora-clang