Last updated on 2020-12-04 00:48:30 CET.
Flavor | Version | Tinstall | Tcheck | Ttotal | Status | Flags |
---|---|---|---|---|---|---|
r-devel-linux-x86_64-debian-clang | 1.1.0 | 12.02 | 180.46 | 192.48 | OK | |
r-devel-linux-x86_64-debian-gcc | 1.1.0 | 9.13 | 125.96 | 135.09 | OK | |
r-devel-linux-x86_64-fedora-clang | 1.1.0 | 229.22 | NOTE | |||
r-devel-linux-x86_64-fedora-gcc | 1.1.0 | 225.63 | OK | |||
r-devel-windows-ix86+x86_64 | 1.1.0 | 17.00 | 156.00 | 173.00 | OK | |
r-patched-linux-x86_64 | 1.1.0 | 10.43 | 166.23 | 176.66 | OK | |
r-patched-solaris-x86 | 1.1.0 | 254.10 | OK | |||
r-release-linux-x86_64 | 1.1.0 | 8.11 | 169.25 | 177.36 | OK | |
r-release-macos-x86_64 | 1.1.0 | OK | ||||
r-release-windows-ix86+x86_64 | 1.1.0 | 13.00 | 151.00 | 164.00 | OK | |
r-oldrel-macos-x86_64 | 1.1.0 | OK | ||||
r-oldrel-windows-ix86+x86_64 | 1.1.0 | 13.00 | 210.00 | 223.00 | OK |
Version: 1.1.0
Check: Rd cross-references
Result: NOTE
Undeclared package ‘advclust’ in Rd xrefs
Flavor: r-devel-linux-x86_64-fedora-clang