CRAN Package Check Results for Package polyfreqs

Last updated on 2020-12-04 00:48:30 CET.

Flavor Version Tinstall Tcheck Ttotal Status Flags
r-devel-linux-x86_64-debian-clang 1.0.2 44.80 76.56 121.36 NOTE
r-devel-linux-x86_64-debian-gcc 1.0.2 26.37 58.99 85.36 NOTE
r-devel-linux-x86_64-fedora-clang 1.0.2 172.10 NOTE
r-devel-linux-x86_64-fedora-gcc 1.0.2 144.85 NOTE
r-devel-windows-ix86+x86_64 1.0.2 98.00 127.00 225.00 OK
r-patched-linux-x86_64 1.0.2 31.33 73.97 105.30 NOTE
r-patched-solaris-x86 1.0.2 227.40 NOTE
r-release-linux-x86_64 1.0.2 32.52 76.81 109.33 NOTE
r-release-macos-x86_64 1.0.2 OK
r-release-windows-ix86+x86_64 1.0.2 81.00 145.00 226.00 OK
r-oldrel-macos-x86_64 1.0.2 OK
r-oldrel-windows-ix86+x86_64 1.0.2 72.00 127.00 199.00 OK

Check Details

Version: 1.0.2
Check: for non-standard things in the check directory
Result: NOTE
    Found the following files/directories:
     'polyfreqs-mcmc.out'
Flavors: r-devel-linux-x86_64-debian-clang, r-devel-linux-x86_64-debian-gcc, r-devel-linux-x86_64-fedora-clang, r-devel-linux-x86_64-fedora-gcc, r-patched-linux-x86_64, r-patched-solaris-x86, r-release-linux-x86_64

Version: 1.0.2
Check: compiled code
Result: NOTE
    File ‘polyfreqs/libs/polyfreqs.so’:
     Found no calls to: ‘R_registerRoutines’, ‘R_useDynamicSymbols’
    
    It is good practice to register native routines and to disable symbol
    search.
    
    See ‘Writing portable packages’ in the ‘Writing R Extensions’ manual.
Flavors: r-devel-linux-x86_64-fedora-clang, r-devel-linux-x86_64-fedora-gcc