CRAN Package Check Results for Package polyPK

Last updated on 2020-12-04 00:48:30 CET.

Flavor Version Tinstall Tcheck Ttotal Status Flags
r-devel-linux-x86_64-debian-clang 3.1.0 32.99 302.38 335.37 NOTE
r-devel-linux-x86_64-debian-gcc 3.1.0 27.12 229.42 256.54 NOTE
r-devel-linux-x86_64-fedora-clang 3.1.0 404.50 NOTE
r-devel-linux-x86_64-fedora-gcc 3.1.0 377.71 NOTE
r-devel-windows-ix86+x86_64 3.1.0 60.00 205.00 265.00 OK
r-patched-linux-x86_64 3.1.0 22.60 285.46 308.06 NOTE
r-patched-solaris-x86 3.1.0 438.00 NOTE
r-release-linux-x86_64 3.1.0 22.86 290.16 313.02 NOTE
r-release-macos-x86_64 3.1.0 OK
r-release-windows-ix86+x86_64 3.1.0 51.00 193.00 244.00 OK
r-oldrel-macos-x86_64 3.1.0 OK
r-oldrel-windows-ix86+x86_64 3.1.0 32.00 7.00 39.00 ERROR

Check Details

Version: 3.1.0
Check: for non-standard things in the check directory
Result: NOTE
    Found the following files/directories:
     'AbsorbedDrugMetabolites' 'CorrelationResults'
     'EndogenousMetabolites' 'HeatMap' 'PKresults'
     'SecondAbsorbedMetabolites' 'preprocessed-data'
Flavors: r-devel-linux-x86_64-debian-clang, r-devel-linux-x86_64-debian-gcc, r-devel-linux-x86_64-fedora-clang, r-devel-linux-x86_64-fedora-gcc, r-patched-linux-x86_64, r-patched-solaris-x86, r-release-linux-x86_64

Version: 3.1.0
Check: whether package can be installed
Result: ERROR
    Installation failed.
Flavor: r-oldrel-windows-ix86+x86_64