CRAN Package Check Results for Package pollimetry

Last updated on 2020-12-04 00:48:30 CET.

Flavor Version Tinstall Tcheck Ttotal Status Flags
r-devel-linux-x86_64-debian-clang 1.0.1 21.99 155.55 177.54 NOTE
r-devel-linux-x86_64-debian-gcc 1.0.1 15.80 117.18 132.98 NOTE
r-devel-linux-x86_64-fedora-clang 1.0.1 215.38 NOTE
r-devel-linux-x86_64-fedora-gcc 1.0.1 207.19 NOTE
r-devel-windows-ix86+x86_64 1.0.1 48.00 145.00 193.00 NOTE
r-patched-linux-x86_64 1.0.1 13.84 145.27 159.11 NOTE
r-patched-solaris-x86 1.0.1 295.60 NOTE
r-release-linux-x86_64 1.0.1 13.59 149.34 162.93 NOTE
r-release-macos-x86_64 1.0.1 NOTE
r-release-windows-ix86+x86_64 1.0.1 39.00 193.00 232.00 NOTE
r-oldrel-macos-x86_64 1.0.1 NOTE
r-oldrel-windows-ix86+x86_64 1.0.1 43.00 180.00 223.00 NOTE

Check Details

Version: 1.0.1
Check: package dependencies
Result: NOTE
    Package suggested but not available for checking: 'pollimetrydata'
Flavors: r-devel-linux-x86_64-debian-clang, r-devel-linux-x86_64-debian-gcc, r-devel-linux-x86_64-fedora-clang, r-devel-linux-x86_64-fedora-gcc, r-devel-windows-ix86+x86_64, r-patched-linux-x86_64, r-patched-solaris-x86, r-release-linux-x86_64, r-release-macos-x86_64, r-release-windows-ix86+x86_64, r-oldrel-macos-x86_64, r-oldrel-windows-ix86+x86_64