Last updated on 2020-12-04 00:48:30 CET.
Flavor | Version | Tinstall | Tcheck | Ttotal | Status | Flags |
---|---|---|---|---|---|---|
r-devel-linux-x86_64-debian-clang | 0.1 | 3.93 | 39.10 | 43.03 | OK | |
r-devel-linux-x86_64-debian-gcc | 0.1 | 3.32 | 33.21 | 36.53 | OK | |
r-devel-linux-x86_64-fedora-clang | 0.1 | 57.37 | NOTE | |||
r-devel-linux-x86_64-fedora-gcc | 0.1 | 56.74 | NOTE | |||
r-devel-windows-ix86+x86_64 | 0.1 | 8.00 | 41.00 | 49.00 | OK | |
r-patched-linux-x86_64 | 0.1 | 4.37 | 38.32 | 42.69 | OK | |
r-patched-solaris-x86 | 0.1 | 74.50 | NOTE | |||
r-release-linux-x86_64 | 0.1 | 4.56 | 39.94 | 44.50 | OK | |
r-release-macos-x86_64 | 0.1 | NOTE | ||||
r-release-windows-ix86+x86_64 | 0.1 | 8.00 | 44.00 | 52.00 | OK | |
r-oldrel-macos-x86_64 | 0.1 | NOTE | ||||
r-oldrel-windows-ix86+x86_64 | 0.1 | 5.00 | 51.00 | 56.00 | OK |
Version: 0.1
Check: dependencies in R code
Result: NOTE
Namespace in Imports field not imported from: ‘dplyr’
All declared Imports should be used.
Flavors: r-devel-linux-x86_64-fedora-clang, r-devel-linux-x86_64-fedora-gcc, r-patched-solaris-x86, r-release-macos-x86_64, r-oldrel-macos-x86_64