Last updated on 2020-12-04 00:48:30 CET.
Flavor | Version | Tinstall | Tcheck | Ttotal | Status | Flags |
---|---|---|---|---|---|---|
r-devel-linux-x86_64-debian-clang | 1.3 | 7.13 | 38.17 | 45.30 | NOTE | |
r-devel-linux-x86_64-debian-gcc | 1.3 | 6.54 | 33.19 | 39.73 | NOTE | |
r-devel-linux-x86_64-fedora-clang | 1.3 | 63.58 | NOTE | |||
r-devel-linux-x86_64-fedora-gcc | 1.3 | 51.93 | NOTE | |||
r-devel-windows-ix86+x86_64 | 1.3 | 12.00 | 37.00 | 49.00 | NOTE | |
r-patched-linux-x86_64 | 1.3 | 7.09 | 37.40 | 44.49 | NOTE | |
r-patched-solaris-x86 | 1.3 | 66.90 | NOTE | |||
r-release-linux-x86_64 | 1.3 | 6.09 | 36.90 | 42.99 | NOTE | |
r-release-macos-x86_64 | 1.3 | NOTE | ||||
r-release-windows-ix86+x86_64 | 1.3 | 10.00 | 51.00 | 61.00 | NOTE | |
r-oldrel-macos-x86_64 | 1.3 | NOTE | ||||
r-oldrel-windows-ix86+x86_64 | 1.3 | 9.00 | 47.00 | 56.00 | NOTE |
Version: 1.3
Check: DESCRIPTION meta-information
Result: NOTE
Malformed Description field: should contain one or more complete sentences.
Flavors: r-devel-linux-x86_64-debian-clang, r-devel-linux-x86_64-debian-gcc, r-devel-linux-x86_64-fedora-clang, r-devel-linux-x86_64-fedora-gcc, r-devel-windows-ix86+x86_64, r-patched-linux-x86_64, r-patched-solaris-x86, r-release-linux-x86_64, r-release-macos-x86_64, r-release-windows-ix86+x86_64, r-oldrel-macos-x86_64, r-oldrel-windows-ix86+x86_64
Version: 1.3
Check: dependencies in R code
Result: NOTE
'library' or 'require' call to 'MASS' which was already attached by Depends.
Please remove these calls from your code.
Package in Depends field not imported from: 'MASS'
These packages need to be imported from (in the NAMESPACE file)
for when this namespace is loaded but not attached.
Flavors: r-devel-linux-x86_64-debian-clang, r-devel-linux-x86_64-debian-gcc, r-devel-linux-x86_64-fedora-clang, r-devel-linux-x86_64-fedora-gcc, r-devel-windows-ix86+x86_64, r-patched-linux-x86_64, r-patched-solaris-x86, r-release-linux-x86_64, r-release-macos-x86_64, r-release-windows-ix86+x86_64, r-oldrel-macos-x86_64, r-oldrel-windows-ix86+x86_64
Version: 1.3
Check: R code for possible problems
Result: NOTE
pnmtrem1: no visible global function definition for 'pnorm'
pnmtrem1: no visible global function definition for 'dnorm'
pnmtrem1: no visible global function definition for 'ginv'
pnmtrem1 : fun: no visible global function definition for 'pnorm'
pnmtrem1 : derf: no visible global function definition for 'dnorm'
pnmtrem1 : derf: no visible global function definition for 'pnorm'
pnmtrem1 : fun: no visible global function definition for 'dnorm'
Undefined global functions or variables:
dnorm ginv pnorm
Consider adding
importFrom("stats", "dnorm", "pnorm")
to your NAMESPACE file.
Flavors: r-devel-linux-x86_64-debian-clang, r-devel-linux-x86_64-debian-gcc, r-devel-linux-x86_64-fedora-clang, r-devel-linux-x86_64-fedora-gcc, r-devel-windows-ix86+x86_64, r-patched-linux-x86_64, r-patched-solaris-x86, r-release-linux-x86_64, r-release-macos-x86_64, r-release-windows-ix86+x86_64, r-oldrel-macos-x86_64, r-oldrel-windows-ix86+x86_64