CRAN Package Check Results for Package png

Last updated on 2020-12-04 00:48:30 CET.

Flavor Version Tinstall Tcheck Ttotal Status Flags
r-devel-linux-x86_64-debian-clang 0.1-7 2.90 20.24 23.14 OK
r-devel-linux-x86_64-debian-gcc 0.1-7 2.18 20.12 22.30 OK
r-devel-linux-x86_64-fedora-clang 0.1-7 35.86 NOTE
r-devel-linux-x86_64-fedora-gcc 0.1-7 25.28 NOTE
r-devel-windows-ix86+x86_64 0.1-7 12.00 30.00 42.00 OK
r-patched-linux-x86_64 0.1-7 2.61 20.75 23.36 OK
r-patched-solaris-x86 0.1-7 38.80 OK
r-release-linux-x86_64 0.1-7 2.66 20.86 23.52 OK
r-release-macos-x86_64 0.1-7 OK
r-release-windows-ix86+x86_64 0.1-7 11.00 30.00 41.00 OK
r-oldrel-macos-x86_64 0.1-7 OK
r-oldrel-windows-ix86+x86_64 0.1-7 12.00 53.00 65.00 OK

Additional issues

rchk

Check Details

Version: 0.1-7
Check: compiled code
Result: NOTE
    File ‘png/libs/png.so’:
     Found no calls to: ‘R_registerRoutines’, ‘R_useDynamicSymbols’
    
    It is good practice to register native routines and to disable symbol
    search.
    
    See ‘Writing portable packages’ in the ‘Writing R Extensions’ manual.
Flavors: r-devel-linux-x86_64-fedora-clang, r-devel-linux-x86_64-fedora-gcc