CRAN Package Check Results for Package pmdplyr

Last updated on 2020-12-04 00:48:30 CET.

Flavor Version Tinstall Tcheck Ttotal Status Flags
r-devel-linux-x86_64-debian-clang 0.3.3 10.00 114.26 124.26 NOTE
r-devel-linux-x86_64-debian-gcc 0.3.3 7.96 87.03 94.99 NOTE
r-devel-linux-x86_64-fedora-clang 0.3.3 155.03 NOTE
r-devel-linux-x86_64-fedora-gcc 0.3.3 155.31 NOTE
r-devel-windows-ix86+x86_64 0.3.3 20.00 113.00 133.00 OK
r-patched-linux-x86_64 0.3.3 9.78 113.23 123.01 NOTE
r-patched-solaris-x86 0.3.3 193.40 NOTE
r-release-linux-x86_64 0.3.3 9.62 114.21 123.83 NOTE
r-release-macos-x86_64 0.3.3 OK
r-release-windows-ix86+x86_64 0.3.3 15.00 116.00 131.00 OK
r-oldrel-macos-x86_64 0.3.3 OK
r-oldrel-windows-ix86+x86_64 0.3.3 13.00 148.00 161.00 OK

Check Details

Version: 0.3.3
Check: package dependencies
Result: NOTE
    Package suggested but not available for checking: 'panelr'
Flavors: r-devel-linux-x86_64-debian-clang, r-devel-linux-x86_64-debian-gcc, r-devel-linux-x86_64-fedora-clang, r-devel-linux-x86_64-fedora-gcc, r-patched-linux-x86_64, r-patched-solaris-x86, r-release-linux-x86_64