CRAN Package Check Results for Package plyr

Last updated on 2020-12-04 00:48:30 CET.

Flavor Version Tinstall Tcheck Ttotal Status Flags
r-devel-linux-x86_64-debian-clang 1.8.6 23.92 70.73 94.65 OK
r-devel-linux-x86_64-debian-gcc 1.8.6 14.98 55.37 70.35 OK
r-devel-linux-x86_64-fedora-clang 1.8.6 127.14 OK
r-devel-linux-x86_64-fedora-gcc 1.8.6 107.42 OK
r-devel-windows-ix86+x86_64 1.8.6 51.00 114.00 165.00 OK
r-patched-linux-x86_64 1.8.6 17.83 69.74 87.57 OK
r-patched-solaris-x86 1.8.6 131.90 OK
r-release-linux-x86_64 1.8.6 17.44 71.84 89.28 OK
r-release-macos-x86_64 1.8.6 OK
r-release-windows-ix86+x86_64 1.8.6 38.00 119.00 157.00 OK
r-oldrel-macos-x86_64 1.8.6 NOTE
r-oldrel-windows-ix86+x86_64 1.8.6 39.00 141.00 180.00 OK

Check Details

Version: 1.8.6
Check: dependencies in R code
Result: NOTE
    No protocol specified
    No protocol specified
Flavor: r-oldrel-macos-x86_64