CRAN Package Check Results for Package pls

Last updated on 2020-12-04 00:48:30 CET.

Flavor Version Tinstall Tcheck Ttotal Status Flags
r-devel-linux-x86_64-debian-clang 2.7-3 6.15 63.82 69.97 OK
r-devel-linux-x86_64-debian-gcc 2.7-3 5.26 51.92 57.18 OK
r-devel-linux-x86_64-fedora-clang 2.7-3 94.89 NOTE
r-devel-linux-x86_64-fedora-gcc 2.7-3 81.52 OK
r-devel-windows-ix86+x86_64 2.7-3 11.00 63.00 74.00 OK
r-patched-linux-x86_64 2.7-3 6.28 64.03 70.31 OK
r-patched-solaris-x86 2.7-3 129.40 OK
r-release-linux-x86_64 2.7-3 5.55 64.46 70.01 OK
r-release-macos-x86_64 2.7-3 NOTE
r-release-windows-ix86+x86_64 2.7-3 11.00 64.00 75.00 OK
r-oldrel-macos-x86_64 2.7-3 NOTE
r-oldrel-windows-ix86+x86_64 2.7-3 8.00 81.00 89.00 OK

Check Details

Version: 2.7-3
Check: Rd cross-references
Result: NOTE
    Undeclared package ‘sm’ in Rd xrefs
Flavor: r-devel-linux-x86_64-fedora-clang

Version: 2.7-3
Check: package dependencies
Result: NOTE
    Package suggested but not available for checking: ‘Rmpi’
Flavors: r-release-macos-x86_64, r-oldrel-macos-x86_64