CRAN Package Check Results for Package plotly

Last updated on 2020-12-04 00:48:29 CET.

Flavor Version Tinstall Tcheck Ttotal Status Flags
r-devel-linux-x86_64-debian-clang 4.9.2.1 17.54 241.26 258.80 OK
r-devel-linux-x86_64-debian-gcc 4.9.2.1 13.81 174.67 188.48 OK
r-devel-linux-x86_64-fedora-clang 4.9.2.1 310.91 NOTE
r-devel-linux-x86_64-fedora-gcc 4.9.2.1 294.07 OK
r-devel-windows-ix86+x86_64 4.9.2.1 29.00 202.00 231.00 NOTE
r-patched-linux-x86_64 4.9.2.1 15.68 223.21 238.89 OK
r-patched-solaris-x86 4.9.2.1 358.60 NOTE
r-release-linux-x86_64 4.9.2.1 15.84 226.72 242.56 OK
r-release-macos-x86_64 4.9.2.1 NOTE
r-release-windows-ix86+x86_64 4.9.2.1 22.00 204.00 226.00 NOTE
r-oldrel-macos-x86_64 4.9.2.1 NOTE
r-oldrel-windows-ix86+x86_64 4.9.2.1 30.00 268.00 298.00 NOTE

Check Details

Version: 4.9.2.1
Check: installed package size
Result: NOTE
     installed size is 6.8Mb
     sub-directories of 1Mb or more:
     htmlwidgets 3.7Mb
Flavors: r-devel-linux-x86_64-fedora-clang, r-devel-windows-ix86+x86_64, r-patched-solaris-x86, r-release-macos-x86_64, r-release-windows-ix86+x86_64, r-oldrel-macos-x86_64, r-oldrel-windows-ix86+x86_64