CRAN Package Check Results for Package pitchRx

Last updated on 2020-12-04 00:48:29 CET.

Flavor Version Tinstall Tcheck Ttotal Status Flags
r-devel-linux-x86_64-debian-clang 1.8.2 14.82 101.77 116.59 NOTE
r-devel-linux-x86_64-debian-gcc 1.8.2 11.20 79.60 90.80 NOTE
r-devel-linux-x86_64-fedora-clang 1.8.2 146.15 NOTE
r-devel-linux-x86_64-fedora-gcc 1.8.2 131.98 NOTE
r-devel-windows-ix86+x86_64 1.8.2 27.00 99.00 126.00 NOTE
r-patched-linux-x86_64 1.8.2 13.31 95.22 108.53 NOTE
r-patched-solaris-x86 1.8.2 197.70 NOTE
r-release-linux-x86_64 1.8.2 12.93 94.62 107.55 NOTE
r-release-macos-x86_64 1.8.2 NOTE
r-release-windows-ix86+x86_64 1.8.2 20.00 102.00 122.00 NOTE
r-oldrel-macos-x86_64 1.8.2 FAIL
r-oldrel-windows-ix86+x86_64 1.8.2 24.00 114.00 138.00 NOTE

Check Details

Version: 1.8.2
Check: package dependencies
Result: NOTE
    Package suggested but not available for checking: 'ggsubplot'
Flavors: r-devel-linux-x86_64-debian-clang, r-devel-linux-x86_64-debian-gcc, r-devel-linux-x86_64-fedora-clang, r-devel-linux-x86_64-fedora-gcc, r-devel-windows-ix86+x86_64, r-patched-linux-x86_64, r-patched-solaris-x86, r-release-linux-x86_64, r-release-macos-x86_64, r-release-windows-ix86+x86_64, r-oldrel-macos-x86_64, r-oldrel-windows-ix86+x86_64

Version: 1.8.2
Check: dependencies in R code
Result: FAIL
Flavor: r-oldrel-macos-x86_64