CRAN Package Check Results for Package piecepackr

Last updated on 2020-12-04 00:48:29 CET.

Flavor Version Tinstall Tcheck Ttotal Status Flags
r-devel-linux-x86_64-debian-clang 1.5.1 17.57 220.35 237.92 OK
r-devel-linux-x86_64-debian-gcc 1.5.1 16.35 164.39 180.74 OK
r-devel-linux-x86_64-fedora-clang 1.5.1 302.40 OK
r-devel-linux-x86_64-fedora-gcc 1.5.1 294.65 OK
r-devel-windows-ix86+x86_64 1.5.1 28.00 191.00 219.00 OK
r-patched-linux-x86_64 1.5.1 16.20 236.45 252.65 OK
r-patched-solaris-x86 1.5.1 363.30 OK
r-release-linux-x86_64 1.5.1 15.48 237.30 252.78 OK
r-release-macos-x86_64 1.5.1 OK
r-release-windows-ix86+x86_64 1.5.1 22.00 221.00 243.00 OK
r-oldrel-macos-x86_64 1.5.1 ERROR
r-oldrel-windows-ix86+x86_64 1.5.1 21.00 253.00 274.00 ERROR

Check Details

Version: 1.5.1
Check: examples
Result: ERROR
    Running examples in ‘piecepackr-Ex.R’ failed
    The error most likely occurred in:
    
    > ### Name: piecepackr-deprecated
    > ### Title: Deprecated functions
    > ### Aliases: piecepackr-deprecated halmaGrob kiteGrob pyramidGrob
    > ### convexGrobFn concaveGrobFn gridlinesGrob matGrob checkersGrob
    > ### hexlinesGrob get_shape_grob_fn
    >
    > ### ** Examples
    >
    > if (require("grid")) {
    + suppressWarnings({
    + gp <- gpar(col="black", fill="yellow")
    + pushViewport(viewport(x=0.25, y=0.75, width=1/2, height=1/2))
    + grid.draw(get_shape_grob_fn("rect")(gp=gp))
    + grid.draw(gridlinesGrob("blue", lex=4))
    + grid.draw(hexlinesGrob("green"))
    + popViewport()
    +
    + pushViewport(viewport(x=0.75, y=0.75, width=1/2, height=1/2))
    + grid.draw(get_shape_grob_fn("convex6")(gp=gp))
    + grid.draw(checkersGrob("blue", shape="convex6"))
    + popViewport()
    +
    + pushViewport(viewport(x=0.25, y=0.25, width=1/2, height=1/2))
    + grid.draw(get_shape_grob_fn("circle")(gp=gp))
    + grid.draw(matGrob("blue", shape="circle", mat_width=0.2))
    + popViewport()
    +
    + pushViewport(viewport(x=0.75, y=0.25, width=1/2, height=1/2))
    + grid.draw(get_shape_grob_fn("rect")(gp=gp))
    + grid.draw(matGrob("blue", shape="rect", mat_width=c(0.2, 0.1, 0.3, 0.4)))
    + popViewport()
    +
    + grid.newpage()
    + gp <- gpar(col="black", fill="yellow")
    +
    + vp <- viewport(x=1/3-1/6, width=1/3)
    + grid.draw(halmaGrob(gp=gp, vp=vp))
    + vp <- viewport(x=2/3-1/6, width=1/3)
    + grid.draw(pyramidGrob(gp=gp, vp=vp))
    + vp <- viewport(x=3/3-1/6, width=1/3)
    + grid.draw(kiteGrob(gp=gp, vp=vp))
    +
    + grid.newpage()
    + vp <- viewport(x=1/4, y=1/4, width=1/2, height=1/2)
    + grid.draw(convexGrobFn(3, 0)(gp=gp, vp=vp))
    + vp <- viewport(x=3/4, y=1/4, width=1/2, height=1/2)
    + grid.draw(convexGrobFn(4, 90)(gp=gp, vp=vp))
    + vp <- viewport(x=3/4, y=3/4, width=1/2, height=1/2)
    + grid.draw(convexGrobFn(5, 180)(gp=gp, vp=vp))
    + vp <- viewport(x=1/4, y=3/4, width=1/2, height=1/2)
    + grid.draw(convexGrobFn(6, 270)(gp=gp, vp=vp))
    +
    + grid.newpage()
    + vp <- viewport(x=1/4, y=1/4, width=1/2, height=1/2)
    + grid.draw(concaveGrobFn(3, 0, 0.1)(gp=gp, vp=vp))
    + vp <- viewport(x=3/4, y=1/4, width=1/2, height=1/2)
    + grid.draw(concaveGrobFn(4, 90, 0.2)(gp=gp, vp=vp))
    + vp <- viewport(x=3/4, y=3/4, width=1/2, height=1/2)
    + grid.draw(concaveGrobFn(5, 180, 0.3)(gp=gp, vp=vp))
    + vp <- viewport(x=1/4, y=3/4, width=1/2, height=1/2)
    + grid.draw(concaveGrobFn(6, 270)(gp=gp, vp=vp))
    + }, classes = "deprecatedWarning")
    + }
    Loading required package: grid
    Error in suppressWarnings({ :
     unused argument (classes = "deprecatedWarning")
    Execution halted
Flavors: r-oldrel-macos-x86_64, r-oldrel-windows-ix86+x86_64

Version: 1.5.1
Check: tests
Result: ERROR
     Running ‘run-all.R’ [96s/96s]
    Running the tests in ‘tests/run-all.R’ failed.
    Last 13 lines of output:
     Warning (test-obj.R:15:5): save_piece_obj works
     Warning (test-obj.R:15:5): save_piece_obj works
     Warning (test-obj.R:17:5): save_piece_obj works
     Warning (test-obj.R:17:5): save_piece_obj works
     Warning (test-obj.R:17:5): save_piece_obj works
     Warning (test-obj.R:17:5): save_piece_obj works
     Warning (test-obj.R:17:5): save_piece_obj works
     Warning (test-obj.R:17:5): save_piece_obj works
     Warning (test-obj.R:17:5): save_piece_obj works
     Warning (test-obj.R:17:5): save_piece_obj works
     Warning (test-obj.R:17:5): save_piece_obj works
    
     [ FAIL 1 | WARN 83 | SKIP 102 | PASS 173 ]
     Error: Test failures
     Execution halted
Flavor: r-oldrel-macos-x86_64

Version: 1.5.1
Check: tests
Result: ERROR
     Running 'run-all.R' [162s]
    Running the tests in 'tests/run-all.R' failed.
    Complete output:
     > library("testthat")
     >
     > test_check("piecepackr")
     Loading required package: piecepackr
     -- ERROR (test-deprecated.R:7:5): grob_fn_helpers works as expected ------------
     Error: unused argument (classes = "deprecatedWarning")
     Backtrace:
     x
     1. \-vdiffr::expect_doppelganger(...) test-deprecated.R:7:4
     2. \-vdiffr:::writer(fig, testcase, title)
     3. +-vdiffr:::print_plot(plot, title)
     4. \-vdiffr:::print_plot.function(plot, title)
     5. \-piecepackr:::p()
    
     -- Skip (test-draw_component.R:28:5): save_print_and_play works as expected ----
     Reason: On CRAN
    
     -- Skip (test-draw_component.R:79:5): save_piece_images works as expected ------
     Reason: Sys.info()[["nodename"]] == "stoic-sloth" is not TRUE
    
     -- Skip (test-draw_component.R:106:5): no regressions in figures ---------------
     Skipping on CRAN
    
     -- Skip (test-draw_component.R:107:5): no regressions in figures ---------------
     Skipping on CRAN
    
     -- Skip (test-draw_component.R:108:5): no regressions in figures ---------------
     Skipping on CRAN
    
     -- Skip (test-draw_component.R:109:5): no regressions in figures ---------------
     Skipping on CRAN
    
     -- Skip (test-draw_component.R:110:5): no regressions in figures ---------------
     Skipping on CRAN
    
     -- Skip (test-draw_component.R:113:5): no regressions in figures ---------------
     Skipping on CRAN
    
     -- Skip (test-draw_component.R:114:5): no regressions in figures ---------------
     Skipping on CRAN
    
     -- Skip (test-draw_component.R:115:5): no regressions in figures ---------------
     Skipping on CRAN
    
     -- Skip (test-draw_component.R:117:5): no regressions in figures ---------------
     Skipping on CRAN
    
     -- Skip (test-draw_component.R:126:5): no regressions in figures ---------------
     Skipping on CRAN
    
     -- Skip (test-draw_component.R:130:5): no regressions in figures ---------------
     Skipping on CRAN
    
     -- Skip (test-draw_component.R:141:5): no regressions in figures ---------------
     Skipping on CRAN
    
     -- Skip (test-draw_component.R:142:5): no regressions in figures ---------------
     Skipping on CRAN
    
     -- Skip (test-draw_component.R:145:5): no regressions in figures ---------------
     Skipping on CRAN
    
     -- Skip (test-draw_component.R:146:5): no regressions in figures ---------------
     Skipping on CRAN
    
     -- Skip (test-draw_component.R:147:5): no regressions in figures ---------------
     Skipping on CRAN
    
     -- Skip (test-draw_component.R:148:5): no regressions in figures ---------------
     Skipping on CRAN
    
     -- Skip (test-draw_component.R:151:5): no regressions in figures ---------------
     Skipping on CRAN
    
     -- Skip (test-draw_component.R:153:5): no regressions in figures ---------------
     Skipping on CRAN
    
     -- Skip (test-draw_component.R:155:5): no regressions in figures ---------------
     Skipping on CRAN
    
     -- Skip (test-draw_component.R:157:5): no regressions in figures ---------------
     Skipping on CRAN
    
     -- Skip (test-draw_component.R:161:5): no regressions in figures ---------------
     Skipping on CRAN
    
     -- Skip (test-draw_component.R:162:5): no regressions in figures ---------------
     Skipping on CRAN
    
     -- Skip (test-draw_component.R:163:5): no regressions in figures ---------------
     Skipping on CRAN
    
     -- Skip (test-draw_component.R:164:5): no regressions in figures ---------------
     Skipping on CRAN
    
     -- Skip (test-draw_component.R:166:5): no regressions in figures ---------------
     Skipping on CRAN
    
     -- Skip (test-draw_component.R:169:5): no regressions in figures ---------------
     Skipping on CRAN
    
     -- Skip (test-draw_component.R:170:5): no regressions in figures ---------------
     Skipping on CRAN
    
     -- Skip (test-draw_component.R:171:5): no regressions in figures ---------------
     Skipping on CRAN
    
     -- Skip (test-draw_component.R:173:5): no regressions in figures ---------------
     Skipping on CRAN
    
     -- Skip (test-draw_component.R:174:5): no regressions in figures ---------------
     Skipping on CRAN
    
     -- Skip (test-draw_component.R:175:5): no regressions in figures ---------------
     Skipping on CRAN
    
     -- Skip (test-draw_component.R:176:5): no regressions in figures ---------------
     Skipping on CRAN
    
     -- Skip (test-draw_component.R:177:5): no regressions in figures ---------------
     Skipping on CRAN
    
     -- Skip (test-draw_component.R:179:5): no regressions in figures ---------------
     Skipping on CRAN
    
     -- Skip (test-draw_component.R:183:5): no regressions in figures ---------------
     Skipping on CRAN
    
     -- Skip (test-draw_component.R:184:5): no regressions in figures ---------------
     Skipping on CRAN
    
     -- Skip (test-draw_component.R:185:5): no regressions in figures ---------------
     Skipping on CRAN
    
     -- Skip (test-draw_component.R:186:5): no regressions in figures ---------------
     Skipping on CRAN
    
     -- Skip (test-draw_component.R:187:5): no regressions in figures ---------------
     Skipping on CRAN
    
     -- Skip (test-draw_component.R:188:5): no regressions in figures ---------------
     Skipping on CRAN
    
     -- Skip (test-draw_component.R:190:5): no regressions in figures ---------------
     Skipping on CRAN
    
     -- Skip (test-draw_component.R:192:5): no regressions in figures ---------------
     Skipping on CRAN
    
     -- Skip (test-draw_component.R:193:5): no regressions in figures ---------------
     Skipping on CRAN
    
     -- Skip (test-draw_component.R:196:5): no regressions in figures ---------------
     Skipping on CRAN
    
     -- Skip (test-draw_component.R:200:5): no regressions in figures ---------------
     Skipping on CRAN
    
     -- Skip (test-draw_component.R:201:5): no regressions in figures ---------------
     Skipping on CRAN
    
     -- Skip (test-draw_component.R:202:5): no regressions in figures ---------------
     Skipping on CRAN
    
     -- Skip (test-draw_component.R:205:5): no regressions in figures ---------------
     Skipping on CRAN
    
     -- Skip (test-draw_component.R:208:5): no regressions in figures ---------------
     Skipping on CRAN
    
     -- Skip (test-draw_component.R:213:5): no regressions in figures ---------------
     Skipping on CRAN
    
     -- Skip (test-draw_component.R:214:5): no regressions in figures ---------------
     Skipping on CRAN
    
     -- Skip (test-draw_component.R:216:5): no regressions in figures ---------------
     Skipping on CRAN
    
     -- Skip (test-draw_component.R:217:5): no regressions in figures ---------------
     Skipping on CRAN
    
     -- Skip (test-draw_component.R:225:5): no regressions in figures ---------------
     Skipping on CRAN
    
     -- Skip (test-draw_component.R:229:5): no regressions in figures ---------------
     Skipping on CRAN
    
     -- Skip (test-draw_component.R:246:5): no regressions in figures ---------------
     Skipping on CRAN
    
     -- Skip (test-draw_component.R:247:5): no regressions in figures ---------------
     Skipping on CRAN
    
     -- Skip (test-draw_component.R:248:5): no regressions in figures ---------------
     Skipping on CRAN
    
     -- Skip (test-draw_component.R:249:5): no regressions in figures ---------------
     Skipping on CRAN
    
     -- Skip (test-draw_component.R:250:5): no regressions in figures ---------------
     Skipping on CRAN
    
     -- Skip (test-draw_component.R:252:5): no regressions in figures ---------------
     Skipping on CRAN
    
     -- Skip (test-draw_component.R:254:5): no regressions in figures ---------------
     Reason: Sys.info()[["nodename"]] == "stoic-sloth" is not TRUE
    
     -- Skip (test-draw_component.R:268:5): oblique projection works ----------------
     Skipping on CRAN
    
     -- Skip (test-draw_component.R:269:5): oblique projection works ----------------
     Skipping on CRAN
    
     -- Skip (test-draw_component.R:270:5): oblique projection works ----------------
     Skipping on CRAN
    
     -- Skip (test-draw_component.R:271:5): oblique projection works ----------------
     Skipping on CRAN
    
     -- Skip (test-draw_component.R:272:5): oblique projection works ----------------
     Skipping on CRAN
    
     -- Skip (test-draw_component.R:273:5): oblique projection works ----------------
     Skipping on CRAN
    
     -- Skip (test-draw_component.R:274:5): oblique projection works ----------------
     Skipping on CRAN
    
     -- Skip (test-draw_component.R:280:5): oblique projection works ----------------
     Skipping on CRAN
    
     -- Skip (test-draw_component.R:293:5): oblique projection works ----------------
     Skipping on CRAN
    
     -- Skip (test-draw_component.R:309:5): alpha and scale works -------------------
     Skipping on CRAN
    
     -- Skip (test-draw_component.R:316:5): alpha and scale works -------------------
     Skipping on CRAN
    
     -- Skip (test-game_systems.R:8:5): no regressions in figures -------------------
     Skipping on CRAN
    
     -- Skip (test-game_systems.R:13:5): no regressions in figures ------------------
     Skipping on CRAN
    
     -- Skip (test-game_systems.R:23:5): no regressions in figures ------------------
     Skipping on CRAN
    
     -- Skip (test-game_systems.R:39:5): no regressions in figures ------------------
     Skipping on CRAN
    
     -- Skip (test-game_systems.R:41:5): no regressions in figures ------------------
     Skipping on CRAN
    
     -- Skip (test-game_systems.R:43:5): no regressions in figures ------------------
     Skipping on CRAN
    
     -- Warning (test-obj.R:3:5): save_piece_obj works ------------------------------
     font family not found in Windows font database
    
     -- Warning (test-obj.R:5:5): save_piece_obj works ------------------------------
     font family not found in Windows font database
    
     -- Warning (test-obj.R:7:5): save_piece_obj works ------------------------------
     font family not found in Windows font database
    
     -- Warning (test-obj.R:7:5): save_piece_obj works ------------------------------
     font family not found in Windows font database
    
     -- Warning (test-obj.R:7:5): save_piece_obj works ------------------------------
     font family not found in Windows font database
    
     -- Warning (test-obj.R:7:5): save_piece_obj works ------------------------------
     font family not found in Windows font database
    
     -- Warning (test-obj.R:7:5): save_piece_obj works ------------------------------
     font family not found in Windows font database
    
     -- Warning (test-obj.R:7:5): save_piece_obj works ------------------------------
     font family not found in Windows font database
    
     -- Warning (test-obj.R:7:5): save_piece_obj works ------------------------------
     font family not found in Windows font database
    
     -- Warning (test-obj.R:7:5): save_piece_obj works ------------------------------
     font family not found in Windows font database
    
     -- Warning (test-obj.R:7:5): save_piece_obj works ------------------------------
     font family not found in Windows font database
    
     -- Warning (test-obj.R:7:5): save_piece_obj works ------------------------------
     font family not found in Windows font database
    
     -- Warning (test-obj.R:7:5): save_piece_obj works ------------------------------
     font family not found in Windows font database
    
     -- Warning (test-obj.R:9:5): save_piece_obj works ------------------------------
     font family not found in Windows font database
    
     -- Warning (test-obj.R:9:5): save_piece_obj works ------------------------------
     font family not found in Windows font database
    
     -- Warning (test-obj.R:9:5): save_piece_obj works ------------------------------
     font family not found in Windows font database
    
     -- Warning (test-obj.R:11:5): save_piece_obj works -----------------------------
     font family not found in Windows font database
    
     -- Warning (test-obj.R:11:5): save_piece_obj works -----------------------------
     font family not found in Windows font database
    
     -- Warning (test-obj.R:11:5): save_piece_obj works -----------------------------
     font family not found in Windows font database
    
     -- Warning (test-obj.R:13:5): save_piece_obj works -----------------------------
     font family not found in Windows font database
    
     -- Warning (test-obj.R:13:5): save_piece_obj works -----------------------------
     font family not found in Windows font database
    
     -- Warning (test-obj.R:13:5): save_piece_obj works -----------------------------
     font family not found in Windows font database
    
     -- Warning (test-obj.R:15:5): save_piece_obj works -----------------------------
     font family not found in Windows font database
    
     -- Warning (test-obj.R:15:5): save_piece_obj works -----------------------------
     font family not found in Windows font database
    
     -- Warning (test-obj.R:15:5): save_piece_obj works -----------------------------
     font family not found in Windows font database
    
     -- Warning (test-obj.R:17:5): save_piece_obj works -----------------------------
     font family not found in Windows font database
    
     -- Warning (test-obj.R:17:5): save_piece_obj works -----------------------------
     font family not found in Windows font database
    
     -- Warning (test-obj.R:17:5): save_piece_obj works -----------------------------
     font family not found in Windows font database
    
     -- Skip (test-obj.R:23:5): rgl works -------------------------------------------
     Reason: On CRAN
    
     -- Skip (test-obj.R:37:5): rayrender works -------------------------------------
     Reason: On CRAN
    
     -- Skip (test-op_transform.R:34:5): 3d helper functions work -------------------
     Skipping on CRAN
    
     -- Skip (test-op_transform.R:35:5): 3d helper functions work -------------------
     Skipping on CRAN
    
     -- Skip (test-op_transform.R:36:5): 3d helper functions work -------------------
     Skipping on CRAN
    
     -- Skip (test-op_transform.R:37:5): 3d helper functions work -------------------
     Skipping on CRAN
    
     -- Skip (test-op_transform.R:49:5): 3d helper functions work -------------------
     Skipping on CRAN
    
     -- Skip (test-op_transform.R:54:5): 3d helper functions work -------------------
     Skipping on CRAN
    
     -- Skip (test-op_transform.R:57:5): 3d helper functions work -------------------
     Skipping on CRAN
    
     -- Skip (test-op_transform.R:69:5): 3d helper functions work -------------------
     Skipping on CRAN
    
     -- Skip (test-op_transform.R:74:5): 3d helper functions work -------------------
     Skipping on CRAN
    
     -- Skip (test-op_transform.R:110:5): SAT functions work ------------------------
     Skipping on CRAN
    
     -- Skip (test-op_transform.R:111:5): SAT functions work ------------------------
     Skipping on CRAN
    
     -- Skip (test-pp_shape.R:14:5): pp_shape() works as expected -------------------
     Skipping on CRAN
    
     -- Skip (test-pp_shape.R:24:5): pp_shape() works as expected -------------------
     Skipping on CRAN
    
     -- Skip (test-pp_shape.R:29:5): pp_shape() works as expected -------------------
     Skipping on CRAN
    
     -- Skip (test-pp_shape.R:38:5): pp_shape() works as expected -------------------
     Skipping on CRAN
    
     -- Skip (test-pp_shape.R:48:5): pp_shape() works as expected -------------------
     Skipping on CRAN
    
     -- Skip (test-pp_shape.R:58:5): pp_shape() works as expected -------------------
     Skipping on CRAN
    
     -- Skipped tests --------------------------------------------------------------
     * On CRAN (3)
     * Skipping on CRAN (96)
     * Sys.info()[["nodename"]] == "stoic-sloth" is not TRUE (2)
    
     == testthat results ===========================================================
     ERROR (test-deprecated.R:7:5): grob_fn_helpers works as expected
     Warning (test-obj.R:3:5): save_piece_obj works
     Warning (test-obj.R:5:5): save_piece_obj works
     Warning (test-obj.R:7:5): save_piece_obj works
     Warning (test-obj.R:7:5): save_piece_obj works
     Warning (test-obj.R:7:5): save_piece_obj works
     Warning (test-obj.R:7:5): save_piece_obj works
     Warning (test-obj.R:7:5): save_piece_obj works
     Warning (test-obj.R:7:5): save_piece_obj works
     Warning (test-obj.R:7:5): save_piece_obj works
     Warning (test-obj.R:7:5): save_piece_obj works
     Warning (test-obj.R:7:5): save_piece_obj works
     Warning (test-obj.R:7:5): save_piece_obj works
     Warning (test-obj.R:7:5): save_piece_obj works
     Warning (test-obj.R:9:5): save_piece_obj works
     Warning (test-obj.R:9:5): save_piece_obj works
     Warning (test-obj.R:9:5): save_piece_obj works
     Warning (test-obj.R:11:5): save_piece_obj works
     Warning (test-obj.R:11:5): save_piece_obj works
     Warning (test-obj.R:11:5): save_piece_obj works
     Warning (test-obj.R:13:5): save_piece_obj works
     Warning (test-obj.R:13:5): save_piece_obj works
     Warning (test-obj.R:13:5): save_piece_obj works
     Warning (test-obj.R:15:5): save_piece_obj works
     Warning (test-obj.R:15:5): save_piece_obj works
     Warning (test-obj.R:15:5): save_piece_obj works
     Warning (test-obj.R:17:5): save_piece_obj works
     Warning (test-obj.R:17:5): save_piece_obj works
     Warning (test-obj.R:17:5): save_piece_obj works
    
     [ FAIL 1 | WARN 28 | SKIP 101 | PASS 178 ]
     Error: Test failures
     Execution halted
Flavor: r-oldrel-windows-ix86+x86_64