Last updated on 2020-12-04 00:48:29 CET.
Flavor | Version | Tinstall | Tcheck | Ttotal | Status | Flags |
---|---|---|---|---|---|---|
r-devel-linux-x86_64-debian-clang | 1.3.1 | 22.76 | 76.12 | 98.88 | OK | |
r-devel-linux-x86_64-debian-gcc | 1.3.1 | 15.78 | 59.02 | 74.80 | OK | |
r-devel-linux-x86_64-fedora-clang | 1.3.1 | 123.25 | NOTE | |||
r-devel-linux-x86_64-fedora-gcc | 1.3.1 | 112.89 | OK | |||
r-devel-windows-ix86+x86_64 | 1.3.1 | 39.00 | 91.00 | 130.00 | OK | |
r-patched-linux-x86_64 | 1.3.1 | 17.08 | 72.16 | 89.24 | OK | |
r-patched-solaris-x86 | 1.3.1 | 168.90 | OK | |||
r-release-linux-x86_64 | 1.3.1 | 18.90 | 74.19 | 93.09 | OK | |
r-release-macos-x86_64 | 1.3.1 | NOTE | ||||
r-release-windows-ix86+x86_64 | 1.3.1 | 29.00 | 123.00 | 152.00 | OK | |
r-oldrel-macos-x86_64 | 1.3.1 | NOTE | ||||
r-oldrel-windows-ix86+x86_64 | 1.3.1 | 29.00 | 117.00 | 146.00 | OK |
Version: 1.3.1
Check: installed package size
Result: NOTE
installed size is 5.6Mb
sub-directories of 1Mb or more:
libs 4.5Mb
Flavors: r-devel-linux-x86_64-fedora-clang, r-release-macos-x86_64, r-oldrel-macos-x86_64