CRAN Package Check Results for Package phylobase

Last updated on 2020-12-04 00:48:29 CET.

Flavor Version Tinstall Tcheck Ttotal Status Flags
r-devel-linux-x86_64-debian-clang 0.8.10 40.52 140.58 181.10 OK
r-devel-linux-x86_64-debian-gcc 0.8.10 26.67 106.00 132.67 OK
r-devel-linux-x86_64-fedora-clang 0.8.10 226.89 OK
r-devel-linux-x86_64-fedora-gcc 0.8.10 215.85 OK
r-devel-windows-ix86+x86_64 0.8.10 83.00 195.00 278.00 OK
r-patched-linux-x86_64 0.8.10 33.01 132.09 165.10 OK
r-patched-solaris-x86 0.8.10 267.70 OK
r-release-linux-x86_64 0.8.10 32.27 133.16 165.43 OK
r-release-macos-x86_64 0.8.10 NOTE
r-release-windows-ix86+x86_64 0.8.10 62.00 200.00 262.00 OK
r-oldrel-macos-x86_64 0.8.10 OK
r-oldrel-windows-ix86+x86_64 0.8.10 66.00 246.00 312.00 OK

Check Details

Version: 0.8.10
Check: package dependencies
Result: NOTE
    Package suggested but not available for checking: ‘testthat’
Flavor: r-release-macos-x86_64