CRAN Package Check Results for Package phonfieldwork

Last updated on 2020-12-04 00:48:29 CET.

Flavor Version Tinstall Tcheck Ttotal Status Flags
r-devel-linux-x86_64-debian-clang 0.0.10 7.58 58.78 66.36 OK
r-devel-linux-x86_64-debian-gcc 0.0.10 5.49 44.00 49.49 OK
r-devel-linux-x86_64-fedora-clang 0.0.10 82.68 OK
r-devel-linux-x86_64-fedora-gcc 0.0.10 71.97 OK
r-devel-windows-ix86+x86_64 0.0.10 13.00 61.00 74.00 OK
r-patched-linux-x86_64 0.0.10 5.79 53.97 59.76 OK
r-patched-solaris-x86 0.0.10 102.30 OK
r-release-linux-x86_64 0.0.10 6.72 54.16 60.88 OK
r-release-macos-x86_64 0.0.10 OK
r-release-windows-ix86+x86_64 0.0.10 11.00 57.00 68.00 OK
r-oldrel-macos-x86_64 0.0.10 ERROR
r-oldrel-windows-ix86+x86_64 0.0.10 9.00 75.00 84.00 ERROR

Check Details

Version: 0.0.10
Check: examples
Result: ERROR
    Running examples in ‘phonfieldwork-Ex.R’ failed
    The error most likely occurred in:
    
    > ### Name: srt_to_df
    > ### Title: Subtitles .srt file to dataframe
    > ### Aliases: srt_to_df
    >
    > ### ** Examples
    >
    > srt_to_df(system.file("extdata", "test.srt", package = "phonfieldwork"))
    Error in strsplit(result[, "times"], " --> ") : non-character argument
    Calls: srt_to_df -> cbind -> do.call -> strsplit
    Execution halted
Flavors: r-oldrel-macos-x86_64, r-oldrel-windows-ix86+x86_64

Version: 0.0.10
Check: tests
Result: ERROR
     Running ‘testthat.R’ [2s/2s]
    Running the tests in ‘tests/testthat.R’ failed.
    Last 13 lines of output:
     ── Skipped tests ──────────────────────────────────────────────────────────────
     ● On CRAN (6)
    
     ══ testthat results ═══════════════════════════════════════════════════════════
     Warning (test-create-empty-textgrid.R:4:3): create_empty_textgrid
     Warning (test-create-empty-textgrid.R:4:3): create_empty_textgrid
     Warning (test-create-empty-textgrid.R:4:3): create_empty_textgrid
     Warning (test-create-empty-textgrid.R:4:3): create_empty_textgrid
     Warning (test-create-empty-textgrid.R:4:3): create_empty_textgrid
     Warning (test-create-empty-textgrid.R:4:3): create_empty_textgrid
     ERROR (test-srt-to-df.R:2:3): srt_to_df
    
     [ FAIL 1 | WARN 6 | SKIP 6 | PASS 36 ]
     Error: Test failures
     Execution halted
Flavor: r-oldrel-macos-x86_64

Version: 0.0.10
Check: tests
Result: ERROR
     Running 'testthat.R' [3s]
    Running the tests in 'tests/testthat.R' failed.
    Complete output:
     > library(testthat)
     > library(phonfieldwork)
     >
     > test_check("phonfieldwork")
     -- Warning (test-create-empty-textgrid.R:4:3): create_empty_textgrid -----------
     invalid factor level, NA generated
    
     -- Warning (test-create-empty-textgrid.R:4:3): create_empty_textgrid -----------
     invalid factor level, NA generated
    
     -- Warning (test-create-empty-textgrid.R:4:3): create_empty_textgrid -----------
     invalid factor level, NA generated
    
     -- Warning (test-create-empty-textgrid.R:4:3): create_empty_textgrid -----------
     invalid factor level, NA generated
    
     -- Warning (test-create-empty-textgrid.R:4:3): create_empty_textgrid -----------
     invalid factor level, NA generated
    
     -- Warning (test-create-empty-textgrid.R:4:3): create_empty_textgrid -----------
     invalid factor level, NA generated
    
     -- Skip (test-create-glossed-document.R:2:3): create_glossed_document ----------
     Reason: On CRAN
    
     -- Skip (test-create-presentation.R:2:3): create_presentation ------------------
     Reason: On CRAN
    
     -- Skip (test-create-viewer.R:2:3): create_viewer_general ----------------------
     Reason: On CRAN
    
     -- Skip (test-draw-sound.R:2:3): draw_sound_general ----------------------------
     Reason: On CRAN
    
     -- Skip (test-draw-spectrogram.R:2:3): draw_spectrogram_general ----------------
     Reason: On CRAN
    
     -- Skip (test-flextext-to-df.R:2:3): flextext_to_df_general --------------------
     Reason: On CRAN
    
     -- ERROR (test-srt-to-df.R:2:3): srt_to_df -------------------------------------
     Error: non-character argument
     Backtrace:
     x
     1. \-phonfieldwork::srt_to_df(system.file("extdata", "test.srt", package = "phonfieldwork")) test-srt-to-df.R:2:2
     2. +-base::cbind(...)
     3. +-base::do.call(rbind, strsplit(result[, "times"], " --> "))
     4. \-base::strsplit(result[, "times"], " --> ")
    
     -- Skipped tests --------------------------------------------------------------
     * On CRAN (6)
    
     == testthat results ===========================================================
     Warning (test-create-empty-textgrid.R:4:3): create_empty_textgrid
     Warning (test-create-empty-textgrid.R:4:3): create_empty_textgrid
     Warning (test-create-empty-textgrid.R:4:3): create_empty_textgrid
     Warning (test-create-empty-textgrid.R:4:3): create_empty_textgrid
     Warning (test-create-empty-textgrid.R:4:3): create_empty_textgrid
     Warning (test-create-empty-textgrid.R:4:3): create_empty_textgrid
     ERROR (test-srt-to-df.R:2:3): srt_to_df
    
     [ FAIL 1 | WARN 6 | SKIP 6 | PASS 36 ]
     Error: Test failures
     Execution halted
Flavor: r-oldrel-windows-ix86+x86_64