Last updated on 2020-12-04 00:48:29 CET.
Flavor | Version | Tinstall | Tcheck | Ttotal | Status | Flags |
---|---|---|---|---|---|---|
r-devel-linux-x86_64-debian-clang | 0.2-2.1 | 6.90 | 62.37 | 69.27 | NOTE | |
r-devel-linux-x86_64-debian-gcc | 0.2-2.1 | 4.88 | 49.05 | 53.93 | NOTE | |
r-devel-linux-x86_64-fedora-clang | 0.2-2.1 | 92.63 | NOTE | |||
r-devel-linux-x86_64-fedora-gcc | 0.2-2.1 | 81.66 | NOTE | |||
r-devel-windows-ix86+x86_64 | 0.2-2.1 | 9.00 | 63.00 | 72.00 | OK | |
r-patched-linux-x86_64 | 0.2-2.1 | 6.03 | 62.08 | 68.11 | NOTE | |
r-patched-solaris-x86 | 0.2-2.1 | 106.50 | NOTE | |||
r-release-linux-x86_64 | 0.2-2.1 | 6.58 | 60.60 | 67.18 | NOTE | |
r-release-macos-x86_64 | 0.2-2.1 | OK | ||||
r-release-windows-ix86+x86_64 | 0.2-2.1 | 10.00 | 61.00 | 71.00 | OK | |
r-oldrel-macos-x86_64 | 0.2-2.1 | OK | ||||
r-oldrel-windows-ix86+x86_64 | 0.2-2.1 | 9.00 | 90.00 | 99.00 | OK |
Version: 0.2-2.1
Check: for non-standard things in the check directory
Result: NOTE
Found the following files/directories:
'1khz.wav' 'snd.wav'
Flavors: r-devel-linux-x86_64-debian-clang, r-devel-linux-x86_64-debian-gcc, r-devel-linux-x86_64-fedora-clang, r-devel-linux-x86_64-fedora-gcc, r-patched-linux-x86_64, r-patched-solaris-x86, r-release-linux-x86_64