Last updated on 2020-12-04 00:48:29 CET.
Flavor | Version | Tinstall | Tcheck | Ttotal | Status | Flags |
---|---|---|---|---|---|---|
r-devel-linux-x86_64-debian-clang | 1.0.2 | 9.52 | 67.80 | 77.32 | OK | |
r-devel-linux-x86_64-debian-gcc | 1.0.2 | 7.69 | 51.20 | 58.89 | OK | |
r-devel-linux-x86_64-fedora-clang | 1.0.2 | 103.41 | NOTE | |||
r-devel-linux-x86_64-fedora-gcc | 1.0.2 | 86.43 | OK | |||
r-devel-windows-ix86+x86_64 | 1.0.2 | 19.00 | 66.00 | 85.00 | OK | |
r-patched-linux-x86_64 | 1.0.2 | 7.98 | 63.41 | 71.39 | OK | |
r-patched-solaris-x86 | 1.0.2 | 149.00 | OK | |||
r-release-linux-x86_64 | 1.0.2 | 8.53 | 65.52 | 74.05 | OK | |
r-release-macos-x86_64 | 1.0.2 | OK | ||||
r-release-windows-ix86+x86_64 | 1.0.2 | 15.00 | 63.00 | 78.00 | OK | |
r-oldrel-macos-x86_64 | 1.0.2 | OK | ||||
r-oldrel-windows-ix86+x86_64 | 1.0.2 | 18.00 | 84.00 | 102.00 | OK |
Version: 1.0.2
Check: Rd cross-references
Result: NOTE
Undeclared package ‘phase1RMD’ in Rd xrefs
Flavor: r-devel-linux-x86_64-fedora-clang