Last updated on 2020-12-04 00:48:29 CET.
Flavor | Version | Tinstall | Tcheck | Ttotal | Status | Flags |
---|---|---|---|---|---|---|
r-devel-linux-x86_64-debian-clang | 2.5.5 | 53.03 | 271.93 | 324.96 | OK | |
r-devel-linux-x86_64-debian-gcc | 2.5.5 | 39.03 | 207.51 | 246.54 | OK | |
r-devel-linux-x86_64-fedora-clang | 2.5.5 | 405.19 | NOTE | |||
r-devel-linux-x86_64-fedora-gcc | 2.5.5 | 397.14 | OK | |||
r-devel-windows-ix86+x86_64 | 2.5.5 | 105.00 | 327.00 | 432.00 | NOTE | |
r-patched-linux-x86_64 | 2.5.5 | 44.98 | 264.91 | 309.89 | OK | |
r-patched-solaris-x86 | 2.5.5 | 470.50 | OK | |||
r-release-linux-x86_64 | 2.5.5 | 46.61 | 265.03 | 311.64 | OK | |
r-release-macos-x86_64 | 2.5.5 | OK | ||||
r-release-windows-ix86+x86_64 | 2.5.5 | 82.00 | 298.00 | 380.00 | NOTE | |
r-oldrel-macos-x86_64 | 2.5.5 | NOTE | ||||
r-oldrel-windows-ix86+x86_64 | 2.5.5 | 84.00 | 391.00 | 475.00 | NOTE |
Version: 2.5.5
Check: installed package size
Result: NOTE
installed size is 5.0Mb
sub-directories of 1Mb or more:
doc 1.1Mb
libs 1.7Mb
Flavors: r-devel-linux-x86_64-fedora-clang, r-devel-windows-ix86+x86_64, r-release-windows-ix86+x86_64, r-oldrel-windows-ix86+x86_64
Version: 2.5.5
Check: package dependencies
Result: NOTE
Package suggested but not available for checking: ‘Biostrings’
Flavor: r-oldrel-macos-x86_64