Last updated on 2020-12-04 00:48:29 CET.
Flavor | Version | Tinstall | Tcheck | Ttotal | Status | Flags |
---|---|---|---|---|---|---|
r-devel-linux-x86_64-debian-clang | 1.0 | 38.32 | 32.03 | 70.35 | OK | |
r-devel-linux-x86_64-debian-gcc | 1.0 | 26.98 | 26.17 | 53.15 | OK | |
r-devel-linux-x86_64-fedora-clang | 1.0 | 100.71 | NOTE | |||
r-devel-linux-x86_64-fedora-gcc | 1.0 | 82.06 | NOTE | |||
r-devel-windows-ix86+x86_64 | 1.0 | 87.00 | 56.00 | 143.00 | OK | |
r-patched-linux-x86_64 | 1.0 | 29.02 | 28.41 | 57.43 | OK | |
r-patched-solaris-x86 | 1.0 | 87.20 | OK | |||
r-release-linux-x86_64 | 1.0 | 31.23 | 31.61 | 62.84 | OK | |
r-release-macos-x86_64 | 1.0 | OK | ||||
r-release-windows-ix86+x86_64 | 1.0 | 65.00 | 73.00 | 138.00 | OK | |
r-oldrel-macos-x86_64 | 1.0 | OK | ||||
r-oldrel-windows-ix86+x86_64 | 1.0 | 62.00 | 63.00 | 125.00 | OK |
Version: 1.0
Check: compiled code
Result: NOTE
File ‘perccal/libs/perccal.so’:
Found no calls to: ‘R_registerRoutines’, ‘R_useDynamicSymbols’
It is good practice to register native routines and to disable symbol
search.
See ‘Writing portable packages’ in the ‘Writing R Extensions’ manual.
Flavors: r-devel-linux-x86_64-fedora-clang, r-devel-linux-x86_64-fedora-gcc