CRAN Package Check Results for Package perARMA

Last updated on 2020-12-04 00:48:29 CET.

Flavor Version Tinstall Tcheck Ttotal Status Flags
r-devel-linux-x86_64-debian-clang 1.6 5.45 51.71 57.16 NOTE
r-devel-linux-x86_64-debian-gcc 1.6 6.25 39.89 46.14 NOTE
r-devel-linux-x86_64-fedora-clang 1.6 77.38 NOTE
r-devel-linux-x86_64-fedora-gcc 1.6 64.71 NOTE
r-devel-windows-ix86+x86_64 1.6 12.00 49.00 61.00 OK
r-patched-linux-x86_64 1.6 6.38 49.33 55.71 NOTE
r-patched-solaris-x86 1.6 83.20 NOTE
r-release-linux-x86_64 1.6 6.51 46.57 53.08 NOTE
r-release-macos-x86_64 1.6 OK
r-release-windows-ix86+x86_64 1.6 11.00 65.00 76.00 OK
r-oldrel-macos-x86_64 1.6 OK
r-oldrel-windows-ix86+x86_64 1.6 8.00 60.00 68.00 OK

Check Details

Version: 1.6
Check: for non-standard things in the check directory
Result: NOTE
    Found the following files/directories:
     'PARMA21del1_ident'
Flavors: r-devel-linux-x86_64-debian-clang, r-devel-linux-x86_64-debian-gcc, r-devel-linux-x86_64-fedora-clang, r-devel-linux-x86_64-fedora-gcc, r-patched-linux-x86_64, r-patched-solaris-x86, r-release-linux-x86_64