Last updated on 2020-12-04 00:48:29 CET.
Flavor | Version | Tinstall | Tcheck | Ttotal | Status | Flags |
---|---|---|---|---|---|---|
r-devel-linux-x86_64-debian-clang | 0.7.0 | 7.25 | 68.82 | 76.07 | OK | |
r-devel-linux-x86_64-debian-gcc | 0.7.0 | 6.31 | 52.72 | 59.03 | OK | |
r-devel-linux-x86_64-fedora-clang | 0.7.0 | 96.26 | NOTE | |||
r-devel-linux-x86_64-fedora-gcc | 0.7.0 | 84.90 | OK | |||
r-devel-windows-ix86+x86_64 | 0.7.0 | 18.00 | 86.00 | 104.00 | OK | |
r-patched-linux-x86_64 | 0.7.0 | 8.64 | 64.82 | 73.46 | OK | |
r-patched-solaris-x86 | 0.7.0 | 123.30 | OK | |||
r-release-linux-x86_64 | 0.7.0 | 8.37 | 65.80 | 74.17 | OK | |
r-release-macos-x86_64 | 0.7.0 | OK | ||||
r-release-windows-ix86+x86_64 | 0.7.0 | 14.00 | 88.00 | 102.00 | OK | |
r-oldrel-macos-x86_64 | 0.7.0 | OK | ||||
r-oldrel-windows-ix86+x86_64 | 0.7.0 | 15.00 | 108.00 | 123.00 | OK |
Version: 0.7.0
Check: Rd cross-references
Result: NOTE
Undeclared packages ‘mlbench’, ‘foreach’, ‘ICEbox’ in Rd xrefs
Flavor: r-devel-linux-x86_64-fedora-clang