Last updated on 2020-12-04 00:48:29 CET.
Flavor | Version | Tinstall | Tcheck | Ttotal | Status | Flags |
---|---|---|---|---|---|---|
r-devel-linux-x86_64-debian-clang | 1.0 | 2.63 | 28.62 | 31.25 | OK | |
r-devel-linux-x86_64-debian-gcc | 1.0 | 2.20 | 21.09 | 23.29 | OK | |
r-devel-linux-x86_64-fedora-clang | 1.0 | 41.37 | OK | |||
r-devel-linux-x86_64-fedora-gcc | 1.0 | 31.34 | OK | |||
r-devel-windows-ix86+x86_64 | 1.0 | 5.00 | 32.00 | 37.00 | OK | |
r-patched-linux-x86_64 | 1.0 | 2.61 | 28.81 | 31.42 | OK | |
r-patched-solaris-x86 | 1.0 | 48.40 | NOTE | |||
r-release-linux-x86_64 | 1.0 | 2.65 | 26.96 | 29.61 | OK | |
r-release-macos-x86_64 | 1.0 | OK | ||||
r-release-windows-ix86+x86_64 | 1.0 | 5.00 | 41.00 | 46.00 | OK | |
r-oldrel-macos-x86_64 | 1.0 | OK | ||||
r-oldrel-windows-ix86+x86_64 | 1.0 | 3.00 | 40.00 | 43.00 | OK |
Version: 1.0
Check: package dependencies
Result: NOTE
Package suggested but not available for checking: ‘PythonInR’
Flavor: r-patched-solaris-x86