CRAN Package Check Results for Package pdR

Last updated on 2020-12-04 00:48:29 CET.

Flavor Version Tinstall Tcheck Ttotal Status Flags
r-devel-linux-x86_64-debian-clang 1.7 11.21 79.96 91.17 OK
r-devel-linux-x86_64-debian-gcc 1.7 8.91 59.81 68.72 OK
r-devel-linux-x86_64-fedora-clang 1.7 114.08 NOTE
r-devel-linux-x86_64-fedora-gcc 1.7 104.11 NOTE
r-devel-windows-ix86+x86_64 1.7 20.00 71.00 91.00 OK
r-patched-linux-x86_64 1.7 11.20 76.25 87.45 OK
r-patched-solaris-x86 1.7 141.10 NOTE
r-release-linux-x86_64 1.7 11.37 73.25 84.62 OK
r-release-macos-x86_64 1.7 NOTE
r-release-windows-ix86+x86_64 1.7 14.00 94.00 108.00 OK
r-oldrel-macos-x86_64 1.7 NOTE
r-oldrel-windows-ix86+x86_64 1.7 21.00 88.00 109.00 OK

Check Details

Version: 1.7
Check: dependencies in R code
Result: NOTE
    Namespaces in Imports field not imported from:
     ‘car’ ‘sandwich’
     All declared Imports should be used.
Flavors: r-devel-linux-x86_64-fedora-clang, r-devel-linux-x86_64-fedora-gcc, r-patched-solaris-x86, r-release-macos-x86_64, r-oldrel-macos-x86_64