CRAN Package Check Results for Package pcadapt

Last updated on 2020-12-04 00:48:29 CET.

Flavor Version Tinstall Tcheck Ttotal Status Flags
r-devel-linux-x86_64-debian-clang 4.3.3 101.68 49.07 150.75 OK
r-devel-linux-x86_64-debian-gcc 4.3.3 60.12 40.15 100.27 OK
r-devel-linux-x86_64-fedora-clang 4.3.3 213.59 NOTE
r-devel-linux-x86_64-fedora-gcc 4.3.3 175.01 OK
r-devel-windows-ix86+x86_64 4.3.3 258.00 78.00 336.00 NOTE
r-patched-linux-x86_64 4.3.3 72.29 47.01 119.30 OK
r-patched-solaris-x86 4.3.3 164.00 OK
r-release-linux-x86_64 4.3.3 70.28 48.34 118.62 OK
r-release-macos-x86_64 4.3.3 NOTE
r-release-windows-ix86+x86_64 4.3.3 194.00 80.00 274.00 NOTE
r-oldrel-macos-x86_64 4.3.3 NOTE
r-oldrel-windows-ix86+x86_64 4.3.3 222.00 92.00 314.00 NOTE

Check Details

Version: 4.3.3
Check: installed package size
Result: NOTE
     installed size is 7.0Mb
     sub-directories of 1Mb or more:
     extdata 2.7Mb
     libs 3.5Mb
Flavors: r-devel-linux-x86_64-fedora-clang, r-devel-windows-ix86+x86_64, r-release-macos-x86_64, r-release-windows-ix86+x86_64, r-oldrel-macos-x86_64, r-oldrel-windows-ix86+x86_64

Version: 4.3.3
Check: package dependencies
Result: NOTE
    Package suggested but not available for checking: ‘vcfR’
Flavor: r-release-macos-x86_64