Last updated on 2020-12-04 00:48:29 CET.
Flavor | Version | Tinstall | Tcheck | Ttotal | Status | Flags |
---|---|---|---|---|---|---|
r-devel-linux-x86_64-debian-clang | 1.9-73 | 17.65 | 49.67 | 67.32 | OK | |
r-devel-linux-x86_64-debian-gcc | 1.9-73 | 10.97 | 39.60 | 50.57 | OK | |
r-devel-linux-x86_64-fedora-clang | 1.9-73 | 84.67 | NOTE | |||
r-devel-linux-x86_64-fedora-gcc | 1.9-73 | 82.45 | OK | |||
r-devel-windows-ix86+x86_64 | 1.9-73 | 41.00 | 71.00 | 112.00 | OK | |
r-patched-linux-x86_64 | 1.9-73 | 13.58 | 46.71 | 60.29 | OK | |
r-patched-solaris-x86 | 1.9-73 | 107.00 | OK | |||
r-release-linux-x86_64 | 1.9-73 | 12.89 | 47.25 | 60.14 | OK | |
r-release-macos-x86_64 | 1.9-73 | OK | ||||
r-release-windows-ix86+x86_64 | 1.9-73 | 36.00 | 71.00 | 107.00 | OK | |
r-oldrel-macos-x86_64 | 1.9-73 | OK | ||||
r-oldrel-windows-ix86+x86_64 | 1.9-73 | 56.00 | 83.00 | 139.00 | OK |
Version: 1.9-73
Check: Rd cross-references
Result: NOTE
Undeclared package ‘robustbase’ in Rd xrefs
Flavor: r-devel-linux-x86_64-fedora-clang