CRAN Package Check Results for Package pca3d

Last updated on 2020-12-04 00:48:29 CET.

Flavor Version Tinstall Tcheck Ttotal Status Flags
r-devel-linux-x86_64-debian-clang 0.10.2 5.66 54.76 60.42 OK
r-devel-linux-x86_64-debian-gcc 0.10.2 5.26 45.07 50.33 OK
r-devel-linux-x86_64-fedora-clang 0.10.2 78.40 OK
r-devel-linux-x86_64-fedora-gcc 0.10.2 69.78 OK
r-devel-windows-ix86+x86_64 0.10.2 13.00 66.00 79.00 OK
r-patched-linux-x86_64 0.10.2 6.09 55.27 61.36 OK
r-patched-solaris-x86 0.10.2 93.10 OK
r-release-linux-x86_64 0.10.2 5.42 52.62 58.04 OK
r-release-macos-x86_64 0.10.2 OK
r-release-windows-ix86+x86_64 0.10.2 10.00 81.00 91.00 OK
r-oldrel-macos-x86_64 0.10.2 WARN
r-oldrel-windows-ix86+x86_64 0.10.2 8.00 78.00 86.00 OK

Check Details

Version: 0.10.2
Check: whether package can be installed
Result: WARN
    Found the following significant warnings:
     Warning: 'rgl.init' failed, running with 'rgl.useNULL = TRUE'.
Flavor: r-oldrel-macos-x86_64