CRAN Package Check Results for Package pcFactorStan

Last updated on 2020-12-04 00:48:29 CET.

Flavor Version Tinstall Tcheck Ttotal Status Flags
r-devel-linux-x86_64-debian-clang 1.5.2 1089.37 227.00 1316.37 NOTE
r-devel-linux-x86_64-debian-gcc 1.5.2 921.86 215.63 1137.49 NOTE
r-devel-linux-x86_64-fedora-clang 1.5.2 1970.62 NOTE
r-devel-linux-x86_64-fedora-gcc 1.5.2 1953.12 NOTE
r-devel-windows-ix86+x86_64 1.5.2 2325.00 485.00 2810.00 NOTE
r-patched-linux-x86_64 1.5.2 810.40 278.81 1089.21 NOTE
r-patched-solaris-x86 1.5.2 1700.10 NOTE
r-release-linux-x86_64 1.5.2 799.31 275.46 1074.77 NOTE
r-release-macos-x86_64 1.5.2 NOTE
r-release-windows-ix86+x86_64 1.5.2 1708.00 472.00 2180.00 NOTE
r-oldrel-macos-x86_64 1.5.2 NOTE
r-oldrel-windows-ix86+x86_64 1.5.2 1910.00 575.00 2485.00 NOTE

Check Details

Version: 1.5.2
Check: for GNU extensions in Makefiles
Result: NOTE
    GNU make is a SystemRequirements.
Flavors: r-devel-linux-x86_64-debian-clang, r-devel-linux-x86_64-debian-gcc, r-devel-linux-x86_64-fedora-clang, r-devel-linux-x86_64-fedora-gcc, r-devel-windows-ix86+x86_64, r-patched-linux-x86_64, r-patched-solaris-x86, r-release-linux-x86_64, r-release-macos-x86_64, r-release-windows-ix86+x86_64, r-oldrel-macos-x86_64, r-oldrel-windows-ix86+x86_64

Version: 1.5.2
Check: installed package size
Result: NOTE
     installed size is 164.8Mb
     sub-directories of 1Mb or more:
     doc 2.9Mb
     libs 161.3Mb
Flavors: r-devel-linux-x86_64-fedora-clang, r-devel-windows-ix86+x86_64, r-patched-solaris-x86, r-release-macos-x86_64, r-release-windows-ix86+x86_64, r-oldrel-macos-x86_64, r-oldrel-windows-ix86+x86_64