CRAN Package Check Results for Package pbdZMQ

Last updated on 2020-12-04 00:48:29 CET.

Flavor Version Tinstall Tcheck Ttotal Status Flags
r-devel-linux-x86_64-debian-clang 0.3-3.1 6.28 40.65 46.93 OK
r-devel-linux-x86_64-debian-gcc 0.3-3.1 4.88 30.19 35.07 OK
r-devel-linux-x86_64-fedora-clang 0.3-3.1 60.57 OK
r-devel-linux-x86_64-fedora-gcc 0.3-3.1 50.77 OK
r-devel-windows-ix86+x86_64 0.3-3.1 520.00 67.00 587.00 OK
r-patched-linux-x86_64 0.3-3.1 5.52 37.82 43.34 OK
r-patched-solaris-x86 0.3-3.1 72.50 OK
r-release-linux-x86_64 0.3-3.1 5.48 38.30 43.78 OK
r-release-macos-x86_64 0.3-3.1 OK
r-release-windows-ix86+x86_64 0.3-3.1 476.00 68.00 544.00 OK
r-oldrel-macos-x86_64 0.3-3.1 WARN
r-oldrel-windows-ix86+x86_64 0.3-3.1 394.00 87.00 481.00 OK

Check Details

Version: 0.3-3.1
Check: whether package can be installed
Result: WARN
    Found the following significant warnings:
     WARNING: shared objects/dynamic libraries with hard-coded temporary installation paths
Flavor: r-oldrel-macos-x86_64