CRAN Package Check Results for Package pbatR

Last updated on 2020-12-04 00:48:29 CET.

Flavor Version Tinstall Tcheck Ttotal Status Flags
r-devel-linux-x86_64-debian-clang 2.2-13 25.79 101.66 127.45 OK
r-devel-linux-x86_64-debian-gcc 2.2-13 19.09 75.75 94.84 OK
r-devel-linux-x86_64-fedora-clang 2.2-13 166.49 OK
r-devel-linux-x86_64-fedora-gcc 2.2-13 151.19 OK
r-devel-windows-ix86+x86_64 2.2-13 55.00 107.00 162.00 OK
r-patched-linux-x86_64 2.2-13 23.52 95.13 118.65 OK
r-patched-solaris-x86 2.2-13 209.00 OK
r-release-linux-x86_64 2.2-13 22.56 94.94 117.50 OK
r-release-macos-x86_64 2.2-13 OK
r-release-windows-ix86+x86_64 2.2-13 45.00 143.00 188.00 OK
r-oldrel-macos-x86_64 2.2-13 FAIL
r-oldrel-windows-ix86+x86_64 2.2-13 39.00 121.00 160.00 OK

Check Details

Version: 2.2-13
Check: whether package can be installed
Result: FAIL
Flavor: r-oldrel-macos-x86_64