CRAN Package Check Results for Package patternplot

Last updated on 2020-12-04 00:48:29 CET.

Flavor Version Tinstall Tcheck Ttotal Status Flags
r-devel-linux-x86_64-debian-clang 1.0.0 60.09 213.64 273.73 NOTE
r-devel-linux-x86_64-debian-gcc 1.0.0 41.53 149.35 190.88 NOTE
r-devel-linux-x86_64-fedora-clang 1.0.0 365.03 NOTE
r-devel-linux-x86_64-fedora-gcc 1.0.0 341.70 NOTE
r-devel-windows-ix86+x86_64 1.0.0 142.00 243.00 385.00 NOTE
r-patched-linux-x86_64 1.0.0 47.83 206.64 254.47 NOTE
r-patched-solaris-x86 1.0.0 508.20 NOTE
r-release-linux-x86_64 1.0.0 48.22 205.00 253.22 NOTE
r-release-macos-x86_64 1.0.0 NOTE
r-release-windows-ix86+x86_64 1.0.0 108.00 235.00 343.00 NOTE
r-oldrel-macos-x86_64 1.0.0 NOTE
r-oldrel-windows-ix86+x86_64 1.0.0 132.00 326.00 458.00 NOTE

Check Details

Version: 1.0.0
Check: for GNU extensions in Makefiles
Result: NOTE
    GNU make is a SystemRequirements.
Flavors: r-devel-linux-x86_64-debian-clang, r-devel-linux-x86_64-debian-gcc, r-devel-linux-x86_64-fedora-clang, r-devel-linux-x86_64-fedora-gcc, r-devel-windows-ix86+x86_64, r-patched-linux-x86_64, r-patched-solaris-x86, r-release-linux-x86_64, r-release-macos-x86_64, r-release-windows-ix86+x86_64, r-oldrel-macos-x86_64, r-oldrel-windows-ix86+x86_64