Last updated on 2020-12-04 00:48:29 CET.
Flavor | Version | Tinstall | Tcheck | Ttotal | Status | Flags |
---|---|---|---|---|---|---|
r-devel-linux-x86_64-debian-clang | 0.0.2 | 23.04 | 193.74 | 216.78 | OK | |
r-devel-linux-x86_64-debian-gcc | 0.0.2 | 19.73 | 145.17 | 164.90 | OK | |
r-devel-linux-x86_64-fedora-clang | 0.0.2 | 267.35 | OK | |||
r-devel-linux-x86_64-fedora-gcc | 0.0.2 | 257.23 | OK | |||
r-devel-windows-ix86+x86_64 | 0.0.2 | 46.00 | 154.00 | 200.00 | OK | |
r-patched-linux-x86_64 | 0.0.2 | 22.81 | 179.27 | 202.08 | OK | |
r-patched-solaris-x86 | 0.0.2 | 367.40 | OK | |||
r-release-linux-x86_64 | 0.0.2 | 19.29 | 184.52 | 203.81 | OK | |
r-release-macos-x86_64 | 0.0.2 | OK | ||||
r-release-windows-ix86+x86_64 | 0.0.2 | 34.00 | 154.00 | 188.00 | OK | |
r-oldrel-macos-x86_64 | 0.0.2 | WARN | ||||
r-oldrel-windows-ix86+x86_64 | 0.0.2 | 36.00 | 198.00 | 234.00 | OK |
Version: 0.0.2
Check: whether package can be installed
Result: WARN
Found the following significant warnings:
Warning: 'rgl_init' failed, running with rgl.useNULL = TRUE
Flavor: r-oldrel-macos-x86_64