CRAN Package Check Results for Package party

Last updated on 2020-12-04 00:48:29 CET.

Flavor Version Tinstall Tcheck Ttotal Status Flags
r-devel-linux-x86_64-debian-clang 1.3-5 21.70 198.27 219.97 OK
r-devel-linux-x86_64-debian-gcc 1.3-5 16.70 150.41 167.11 OK
r-devel-linux-x86_64-fedora-clang 1.3-5 267.86 NOTE
r-devel-linux-x86_64-fedora-gcc 1.3-5 258.01 OK
r-devel-windows-ix86+x86_64 1.3-5 49.00 257.00 306.00 OK
r-patched-linux-x86_64 1.3-5 18.88 189.12 208.00 OK
r-patched-solaris-x86 1.3-5 367.70 OK
r-release-linux-x86_64 1.3-5 20.07 194.27 214.34 OK
r-release-macos-x86_64 1.3-5 OK
r-release-windows-ix86+x86_64 1.3-5 41.00 350.00 391.00 OK
r-oldrel-macos-x86_64 1.3-5 OK
r-oldrel-windows-ix86+x86_64 1.3-5 42.00 329.00 371.00 OK

Check Details

Version: 1.3-5
Check: Rd cross-references
Result: NOTE
    Undeclared package ‘randomForest’ in Rd xrefs
Flavor: r-devel-linux-x86_64-fedora-clang