Last updated on 2020-12-04 00:48:29 CET.
Flavor | Version | Tinstall | Tcheck | Ttotal | Status | Flags |
---|---|---|---|---|---|---|
r-devel-linux-x86_64-debian-clang | 0.1.2 | 111.63 | 287.91 | 399.54 | OK | |
r-devel-linux-x86_64-debian-gcc | 0.1.2 | 74.27 | 206.90 | 281.17 | OK | |
r-devel-linux-x86_64-fedora-clang | 0.1.2 | 498.72 | NOTE | |||
r-devel-linux-x86_64-fedora-gcc | 0.1.2 | 474.29 | OK | |||
r-devel-windows-ix86+x86_64 | 0.1.2 | 248.00 | 336.00 | 584.00 | OK | |
r-patched-linux-x86_64 | 0.1.2 | 88.38 | 276.40 | 364.78 | OK | |
r-patched-solaris-x86 | 0.1.2 | 637.50 | OK | |||
r-release-linux-x86_64 | 0.1.2 | 90.01 | 287.20 | 377.21 | OK | |
r-release-macos-x86_64 | 0.1.2 | NOTE | ||||
r-release-windows-ix86+x86_64 | 0.1.2 | 194.00 | 324.00 | 518.00 | OK | |
r-oldrel-macos-x86_64 | 0.1.2 | NOTE | ||||
r-oldrel-windows-ix86+x86_64 | 0.1.2 | 219.00 | 469.00 | 688.00 | OK |
Version: 0.1.2
Check: installed package size
Result: NOTE
installed size is 7.0Mb
sub-directories of 1Mb or more:
doc 1.2Mb
libs 4.6Mb
Flavors: r-devel-linux-x86_64-fedora-clang, r-release-macos-x86_64, r-oldrel-macos-x86_64